CRAN Package Check Results for Package postGGIR

Last updated on 2021-10-27 13:08:08 CEST.

Flavor Version Tinstall Tcheck Ttotal Status Flags
r-devel-linux-x86_64-debian-clang 2.4.0.1 24.38 185.85 210.23 OK
r-devel-linux-x86_64-debian-gcc 2.4.0.1 20.62 138.27 158.89 OK
r-devel-linux-x86_64-fedora-clang 2.4.0.1 266.92 NOTE
r-devel-linux-x86_64-fedora-gcc 2.4.0.1 258.60 NOTE
r-devel-windows-x86_64 2.4.0.1 30.00 198.00 228.00 OK
r-devel-windows-x86_64-gcc10-UCRT 2.4.0.1 NOTE
r-patched-linux-x86_64 2.4.0.1 24.97 177.13 202.10 OK
r-patched-solaris-x86 2.4.0.1 276.50 NOTE
r-release-linux-x86_64 2.4.0.1 25.82 175.78 201.60 OK
r-release-macos-arm64 2.4.0.1 NOTE
r-release-macos-x86_64 2.4.0.1 NOTE
r-release-windows-ix86+x86_64 2.4.0.1 42.00 144.00 186.00 OK
r-oldrel-macos-x86_64 2.4.0.1 NOTE
r-oldrel-windows-ix86+x86_64 2.4.0.1 39.00 145.00 184.00 OK

Check Details

Version: 2.4.0.1
Check: dependencies in R code
Result: NOTE
    Namespaces in Imports field not imported from:
     ‘ActCR’ ‘ActFrag’ ‘tidyr’
     All declared Imports should be used.
Flavors: r-devel-linux-x86_64-fedora-clang, r-devel-linux-x86_64-fedora-gcc, r-devel-windows-x86_64-gcc10-UCRT, r-patched-solaris-x86, r-release-macos-arm64, r-release-macos-x86_64, r-oldrel-macos-x86_64