CRAN Package Check Results for Package postpack

Last updated on 2023-09-21 16:57:58 CEST.

Flavor Version Tinstall Tcheck Ttotal Status Flags
r-devel-linux-x86_64-debian-clang 0.5.4 3.62 46.08 49.70 OK
r-devel-linux-x86_64-debian-gcc 0.5.4 2.75 35.00 37.75 OK
r-devel-linux-x86_64-fedora-clang 0.5.4 62.56 OK
r-devel-linux-x86_64-fedora-gcc 0.5.4 73.14 OK
r-devel-windows-x86_64 0.5.4 5.00 65.00 70.00 OK
r-patched-linux-x86_64 0.5.4 3.08 44.76 47.84 OK
r-release-linux-x86_64 0.5.4 2.28 43.98 46.26 OK
r-release-macos-arm64 0.5.4 33.00 OK
r-release-macos-x86_64 0.5.4 47.00 NOTE
r-release-windows-x86_64 0.5.4 5.00 66.00 71.00 OK
r-oldrel-macos-arm64 0.5.4 25.00 OK
r-oldrel-macos-x86_64 0.5.4 34.00 OK
r-oldrel-windows-x86_64 0.5.4 5.00 66.00 71.00 OK

Check Details

Version: 0.5.4
Check: package dependencies
Result: NOTE
    Package suggested but not available for checking: ‘rstan’
Flavor: r-release-macos-x86_64

Version: 0.5.4
Check: Rd cross-references
Result: NOTE
    Package unavailable to check Rd xrefs: ‘rstan’
Flavor: r-release-macos-x86_64