CRAN Package Check Results for Package povcalnetR

Last updated on 2021-12-09 03:59:40 CET.

Flavor Version Tinstall Tcheck Ttotal Status Flags
r-devel-linux-x86_64-debian-clang 0.1.1 2.66 41.50 44.16 OK
r-devel-linux-x86_64-debian-gcc 0.1.1 2.05 33.55 35.60 OK
r-devel-linux-x86_64-fedora-clang 0.1.1 55.87 NOTE
r-devel-linux-x86_64-fedora-gcc 0.1.1 44.08 NOTE
r-devel-windows-x86_64-new-UL 0.1.1 10.00 79.00 89.00 OK
r-devel-windows-x86_64-new-TK 0.1.1 NOTE
r-devel-windows-x86_64-old 0.1.1 14.00 47.00 61.00 OK
r-patched-linux-x86_64 0.1.1 2.99 41.23 44.22 OK
r-release-linux-x86_64 0.1.1 2.85 40.74 43.59 OK
r-release-macos-arm64 0.1.1 NOTE
r-release-macos-x86_64 0.1.1 NOTE
r-release-windows-ix86+x86_64 0.1.1 5.00 50.00 55.00 OK
r-oldrel-macos-x86_64 0.1.1 NOTE
r-oldrel-windows-ix86+x86_64 0.1.1 8.00 59.00 67.00 OK

Check Details

Version: 0.1.1
Check: dependencies in R code
Result: NOTE
    Namespace in Imports field not imported from: ‘memoise’
     All declared Imports should be used.
Flavors: r-devel-linux-x86_64-fedora-clang, r-devel-linux-x86_64-fedora-gcc, r-devel-windows-x86_64-new-TK, r-release-macos-arm64, r-release-macos-x86_64, r-oldrel-macos-x86_64