CRAN Package Check Results for Package powerbydesign

Last updated on 2023-05-28 04:56:23 CEST.

Flavor Version Tinstall Tcheck Ttotal Status Flags
r-devel-linux-x86_64-debian-clang 1.0.5 2.08 29.80 31.88 NOTE
r-devel-linux-x86_64-debian-gcc 1.0.5 2.12 22.91 25.03 NOTE
r-devel-linux-x86_64-fedora-clang 1.0.5 39.87 NOTE
r-devel-linux-x86_64-fedora-gcc 1.0.5 37.33 NOTE
r-devel-windows-x86_64 1.0.5 4.00 49.00 53.00 NOTE
r-patched-linux-x86_64 1.0.5 2.54 28.36 30.90 NOTE
r-release-linux-x86_64 1.0.5 2.35 28.02 30.37 NOTE
r-release-macos-arm64 1.0.5 19.00 NOTE
r-release-macos-x86_64 1.0.5 23.00 NOTE
r-release-windows-x86_64 1.0.5 4.00 50.00 54.00 NOTE
r-oldrel-macos-arm64 1.0.5 17.00 NOTE
r-oldrel-macos-x86_64 1.0.5 29.00 NOTE
r-oldrel-windows-x86_64 1.0.5 5.00 52.00 57.00 NOTE

Check Details

Version: 1.0.5
Check: LazyData
Result: NOTE
     'LazyData' is specified without a 'data' directory
Flavors: r-devel-linux-x86_64-debian-clang, r-devel-linux-x86_64-debian-gcc, r-devel-linux-x86_64-fedora-clang, r-devel-linux-x86_64-fedora-gcc, r-devel-windows-x86_64, r-patched-linux-x86_64, r-release-linux-x86_64, r-release-macos-arm64, r-release-macos-x86_64, r-release-windows-x86_64, r-oldrel-macos-arm64, r-oldrel-macos-x86_64, r-oldrel-windows-x86_64