Last updated on 2023-03-31 08:54:08 CEST.
Flavor | Version | Tinstall | Tcheck | Ttotal | Status | Flags |
---|---|---|---|---|---|---|
r-devel-linux-x86_64-debian-clang | 1.2 | 60.96 | 63.97 | 124.93 | NOTE | |
r-devel-linux-x86_64-debian-gcc | 1.2 | 42.92 | 48.34 | 91.26 | NOTE | |
r-devel-linux-x86_64-fedora-clang | 1.2 | 171.34 | NOTE | |||
r-devel-linux-x86_64-fedora-gcc | 1.2 | 292.50 | NOTE | |||
r-devel-windows-x86_64 | 1.2 | 50.00 | 0.00 | 50.00 | NOTE | |
r-patched-linux-x86_64 | 1.2 | 50.55 | 58.50 | 109.05 | NOTE | |
r-release-linux-x86_64 | 1.2 | 43.80 | 60.92 | 104.72 | NOTE | |
r-release-macos-arm64 | 1.2 | 77.00 | NOTE | |||
r-release-macos-x86_64 | 1.2 | 123.00 | NOTE | |||
r-release-windows-x86_64 | 1.2 | 45.00 | 121.00 | 166.00 | NOTE | |
r-oldrel-macos-arm64 | 1.2 | 70.00 | NOTE | |||
r-oldrel-macos-x86_64 | 1.2 | 97.00 | NOTE | |||
r-oldrel-windows-ix86+x86_64 | 1.2 | 145.00 | 125.00 | 270.00 | NOTE |
Version: 1.2
Check: LazyData
Result: NOTE
'LazyData' is specified without a 'data' directory
Flavors: r-devel-linux-x86_64-debian-clang, r-devel-linux-x86_64-debian-gcc, r-devel-linux-x86_64-fedora-clang, r-devel-linux-x86_64-fedora-gcc, r-devel-windows-x86_64, r-patched-linux-x86_64, r-release-linux-x86_64, r-release-macos-arm64, r-release-macos-x86_64, r-release-windows-x86_64, r-oldrel-macos-arm64, r-oldrel-macos-x86_64, r-oldrel-windows-ix86+x86_64