CRAN Package Check Results for Package pqrBayes

Last updated on 2024-02-29 00:55:49 CET.

Flavor Version Tinstall Tcheck Ttotal Status Flags
r-devel-linux-x86_64-debian-clang 1.0.2 64.41 41.31 105.72 NOTE
r-devel-linux-x86_64-debian-gcc 1.0.2 51.76 30.95 82.71 NOTE
r-devel-linux-x86_64-fedora-clang 1.0.2 162.88 NOTE
r-devel-linux-x86_64-fedora-gcc 1.0.2 156.38 NOTE
r-devel-windows-x86_64 1.0.2 54.00 76.00 130.00 OK
r-patched-linux-x86_64 1.0.2 65.88 40.37 106.25 OK
r-release-linux-x86_64 1.0.2 69.51 40.47 109.98 OK
r-release-macos-arm64 1.0.2 42.00 OK
r-release-macos-x86_64 1.0.2 61.00 OK
r-release-windows-x86_64 1.0.2 67.00 81.00 148.00 OK
r-oldrel-macos-arm64 1.0.2 45.00 OK
r-oldrel-windows-x86_64 1.0.2 65.00 80.00 145.00 OK

Check Details

Version: 1.0.2
Check: Rd files
Result: NOTE checkRd: (-1) pqrBayes.Rd:58: Lost braces; missing escapes or markup? 58 | When {sparse=TRUE} (default), spike--and--slab priors are adopted. Otherwise, Laplacian shrinkage will be used. | ^ checkRd: (-1) pqrBayes.Rd:62: Lost braces in \itemize; meant \describe ? checkRd: (-1) pqrBayes.Rd:63: Lost braces in \itemize; meant \describe ? Flavors: r-devel-linux-x86_64-debian-clang, r-devel-linux-x86_64-debian-gcc, r-devel-linux-x86_64-fedora-clang, r-devel-linux-x86_64-fedora-gcc