CRAN Package Check Results for Package precrec

Last updated on 2021-11-27 11:52:52 CET.

Flavor Version Tinstall Tcheck Ttotal Status Flags
r-devel-linux-x86_64-debian-clang 0.12.7 OK
r-devel-linux-x86_64-debian-gcc 0.12.7 35.38 123.93 159.31 OK
r-devel-linux-x86_64-fedora-clang 0.12.7 277.01 OK
r-devel-linux-x86_64-fedora-gcc 0.12.7 259.67 OK
r-devel-windows-x86_64-new-UL 0.12.7 73.00 261.00 334.00 OK
r-devel-windows-x86_64-new-TK 0.12.7 OK
r-devel-windows-x86_64-old 0.12.7 49.00 218.00 267.00 OK
r-patched-linux-x86_64 0.12.7 45.60 151.08 196.68 OK
r-patched-solaris-x86 0.12.7 217.90 OK
r-release-linux-x86_64 0.12.7 OK
r-release-macos-arm64 0.12.7 NOTE
r-release-macos-x86_64 0.12.7 OK
r-release-windows-ix86+x86_64 0.12.7 117.00 189.00 306.00 OK
r-oldrel-macos-x86_64 0.12.7 OK
r-oldrel-windows-ix86+x86_64 0.12.7 110.00 273.00 383.00 OK

Check Details

Version: 0.12.7
Check: installed package size
Result: NOTE
     installed size is 5.2Mb
     sub-directories of 1Mb or more:
     libs 3.4Mb
Flavor: r-release-macos-arm64