Last updated on 2023-11-30 11:49:37 CET.
Flavor | Version | Tinstall | Tcheck | Ttotal | Status | Flags |
---|---|---|---|---|---|---|
r-devel-linux-x86_64-debian-clang | 0.3.14 | 5.70 | 55.97 | 61.67 | NOTE | |
r-devel-linux-x86_64-debian-gcc | 0.3.14 | 4.11 | 41.73 | 45.84 | NOTE | |
r-devel-linux-x86_64-fedora-clang | 0.3.14 | 84.56 | NOTE | |||
r-devel-linux-x86_64-fedora-gcc | 0.3.14 | 105.84 | NOTE | |||
r-devel-windows-x86_64 | 0.3.14 | 6.00 | 67.00 | 73.00 | NOTE | |
r-patched-linux-x86_64 | 0.3.14 | 6.96 | 53.14 | 60.10 | NOTE | |
r-release-linux-x86_64 | 0.3.14 | 4.66 | 52.55 | 57.21 | NOTE | |
r-release-macos-arm64 | 0.3.14 | 37.00 | NOTE | |||
r-release-macos-x86_64 | 0.3.14 | 59.00 | NOTE | |||
r-release-windows-x86_64 | 0.3.14 | 10.00 | 71.00 | 81.00 | NOTE | |
r-oldrel-macos-arm64 | 0.3.14 | 33.00 | OK | |||
r-oldrel-macos-x86_64 | 0.3.14 | 50.00 | NOTE | |||
r-oldrel-windows-x86_64 | 0.3.14 | 11.00 | 77.00 | 88.00 | NOTE |
Version: 0.3.14
Check: package dependencies
Result: NOTE
Package which this enhances but not available for checking: ‘ffbase’
Flavors: r-devel-linux-x86_64-debian-clang, r-devel-linux-x86_64-debian-gcc, r-devel-linux-x86_64-fedora-clang, r-devel-linux-x86_64-fedora-gcc, r-devel-windows-x86_64, r-patched-linux-x86_64, r-release-linux-x86_64, r-release-macos-arm64, r-release-macos-x86_64, r-release-windows-x86_64, r-oldrel-macos-x86_64, r-oldrel-windows-x86_64
Version: 0.3.14
Check: Rd cross-references
Result: NOTE
Unknown package ‘ffbase’ in Rd xrefs
Flavors: r-devel-linux-x86_64-debian-clang, r-devel-linux-x86_64-debian-gcc, r-devel-linux-x86_64-fedora-clang, r-devel-linux-x86_64-fedora-gcc, r-devel-windows-x86_64, r-patched-linux-x86_64, r-release-linux-x86_64, r-release-macos-arm64, r-release-macos-x86_64, r-release-windows-x86_64, r-oldrel-macos-x86_64, r-oldrel-windows-x86_64