Last updated on 2023-05-31 01:03:27 CEST.
Flavor | Version | Tinstall | Tcheck | Ttotal | Status | Flags |
---|---|---|---|---|---|---|
r-devel-linux-x86_64-debian-clang | 0.3.14 | 6.45 | 55.31 | 61.76 | NOTE | |
r-devel-linux-x86_64-debian-gcc | 0.3.14 | 4.71 | 41.78 | 46.49 | NOTE | |
r-devel-linux-x86_64-fedora-clang | 0.3.14 | 76.48 | NOTE | |||
r-devel-linux-x86_64-fedora-gcc | 0.3.14 | 103.65 | NOTE | |||
r-devel-windows-x86_64 | 0.3.14 | 6.00 | 65.00 | 71.00 | NOTE | |
r-patched-linux-x86_64 | 0.3.14 | 5.23 | 52.70 | 57.93 | NOTE | |
r-release-linux-x86_64 | 0.3.14 | 6.74 | 54.09 | 60.83 | NOTE | |
r-release-macos-arm64 | 0.3.14 | 37.00 | NOTE | |||
r-release-macos-x86_64 | 0.3.14 | 59.00 | NOTE | |||
r-release-windows-x86_64 | 0.3.14 | 7.00 | 63.00 | 70.00 | OK | |
r-oldrel-macos-arm64 | 0.3.14 | 33.00 | OK | |||
r-oldrel-macos-x86_64 | 0.3.14 | 50.00 | NOTE | |||
r-oldrel-windows-x86_64 | 0.3.14 | 8.00 | 69.00 | 77.00 | OK |
Version: 0.3.14
Check: package dependencies
Result: NOTE
Package which this enhances but not available for checking: ‘ffbase’
Flavors: r-devel-linux-x86_64-debian-clang, r-devel-linux-x86_64-debian-gcc, r-devel-linux-x86_64-fedora-clang, r-devel-linux-x86_64-fedora-gcc, r-devel-windows-x86_64, r-patched-linux-x86_64, r-release-linux-x86_64, r-release-macos-arm64, r-release-macos-x86_64, r-oldrel-macos-x86_64
Version: 0.3.14
Check: Rd cross-references
Result: NOTE
Unknown package ‘ffbase’ in Rd xrefs
Flavors: r-devel-linux-x86_64-debian-clang, r-devel-linux-x86_64-debian-gcc, r-devel-linux-x86_64-fedora-clang, r-devel-linux-x86_64-fedora-gcc, r-devel-windows-x86_64, r-patched-linux-x86_64, r-release-linux-x86_64, r-release-macos-arm64, r-release-macos-x86_64, r-oldrel-macos-x86_64