Last updated on 2023-09-23 01:54:21 CEST.
Flavor | Version | Tinstall | Tcheck | Ttotal | Status | Flags |
---|---|---|---|---|---|---|
r-devel-linux-x86_64-debian-clang | 2.0.1 | 13.40 | 48.78 | 62.18 | OK | |
r-devel-linux-x86_64-debian-gcc | 2.0.1 | 14.09 | 38.07 | 52.16 | OK | |
r-devel-linux-x86_64-fedora-clang | 2.0.1 | 80.59 | OK | |||
r-devel-linux-x86_64-fedora-gcc | 2.0.1 | 93.25 | OK | |||
r-devel-windows-x86_64 | 2.0.1 | 19.00 | 62.00 | 81.00 | OK | |
r-patched-linux-x86_64 | 2.0.1 | 16.18 | 47.43 | 63.61 | OK | |
r-release-linux-x86_64 | 2.0.1 | 15.57 | 47.01 | 62.58 | OK | |
r-release-macos-arm64 | 2.0.1 | 37.00 | NOTE | |||
r-release-macos-x86_64 | 2.0.1 | 87.00 | NOTE | |||
r-release-windows-x86_64 | 2.0.1 | 23.00 | 65.00 | 88.00 | OK | |
r-oldrel-macos-arm64 | 2.0.1 | 38.00 | NOTE | |||
r-oldrel-macos-x86_64 | 2.0.1 | 49.00 | OK | |||
r-oldrel-windows-x86_64 | 2.0.1 | 23.00 | 68.00 | 91.00 | OK |
Version: 2.0.1
Check: installed package size
Result: NOTE
installed size is 5.9Mb
sub-directories of 1Mb or more:
R 3.0Mb
data 2.8Mb
Flavors: r-release-macos-arm64, r-release-macos-x86_64, r-oldrel-macos-arm64