CRAN Package Check Results for Package predictrace

Last updated on 2024-07-16 04:56:15 CEST.

Flavor Version Tinstall Tcheck Ttotal Status Flags
r-devel-linux-x86_64-debian-clang 2.0.1 14.16 50.47 64.63 OK
r-devel-linux-x86_64-debian-gcc 2.0.1 12.90 38.76 51.66 OK
r-devel-linux-x86_64-fedora-clang 2.0.1 84.64 OK
r-devel-linux-x86_64-fedora-gcc 2.0.1 96.31 OK
r-devel-windows-x86_64 2.0.1 18.00 62.00 80.00 OK
r-patched-linux-x86_64 2.0.1 13.75 48.11 61.86 OK
r-release-linux-x86_64 2.0.1 15.89 48.64 64.53 OK
r-release-macos-arm64 2.0.1 44.00 NOTE
r-release-macos-x86_64 2.0.1 60.00 NOTE
r-release-windows-x86_64 2.0.1 18.00 61.00 79.00 OK
r-oldrel-macos-arm64 2.0.1 37.00 NOTE
r-oldrel-macos-x86_64 2.0.1 87.00 NOTE
r-oldrel-windows-x86_64 2.0.1 23.00 67.00 90.00 OK

Check Details

Version: 2.0.1
Check: installed package size
Result: NOTE installed size is 5.9Mb sub-directories of 1Mb or more: R 3.0Mb data 2.8Mb Flavors: r-release-macos-arm64, r-release-macos-x86_64, r-oldrel-macos-arm64, r-oldrel-macos-x86_64