CRAN Package Check Results for Package predint

Last updated on 2021-10-24 08:52:04 CEST.

Flavor Version Tinstall Tcheck Ttotal Status Flags
r-devel-linux-x86_64-debian-clang 1.0.0 10.31 157.23 167.54 OK
r-devel-linux-x86_64-debian-gcc 1.0.0 8.32 114.87 123.19 OK
r-devel-linux-x86_64-fedora-clang 1.0.0 200.64 NOTE
r-devel-linux-x86_64-fedora-gcc 1.0.0 192.43 NOTE
r-devel-windows-x86_64 1.0.0 16.00 144.00 160.00 OK
r-devel-windows-x86_64-gcc10-UCRT 1.0.0 NOTE
r-patched-linux-x86_64 1.0.0 8.71 148.69 157.40 OK
r-patched-solaris-x86 1.0.0 255.20 NOTE
r-release-linux-x86_64 1.0.0 8.32 150.65 158.97 OK
r-release-macos-arm64 1.0.0 NOTE
r-release-macos-x86_64 1.0.0 NOTE
r-release-windows-ix86+x86_64 1.0.0 16.00 185.00 201.00 OK
r-oldrel-macos-x86_64 1.0.0 NOTE
r-oldrel-windows-ix86+x86_64 1.0.0 21.00 197.00 218.00 OK

Check Details

Version: 1.0.0
Check: dependencies in R code
Result: NOTE
    Namespace in Imports field not imported from: ‘dplyr’
     All declared Imports should be used.
Flavors: r-devel-linux-x86_64-fedora-clang, r-devel-linux-x86_64-fedora-gcc, r-devel-windows-x86_64-gcc10-UCRT, r-patched-solaris-x86, r-release-macos-arm64, r-release-macos-x86_64, r-oldrel-macos-x86_64