CRAN Package Check Results for Package prettyB

Last updated on 2024-02-22 12:48:35 CET.

Flavor Version Tinstall Tcheck Ttotal Status Flags
r-devel-linux-x86_64-debian-clang 0.2.2 NOTE
r-devel-linux-x86_64-debian-gcc 0.2.2 2.41 25.96 28.37 NOTE
r-devel-linux-x86_64-fedora-clang 0.2.2 48.46 NOTE
r-devel-linux-x86_64-fedora-gcc 0.2.2 52.66 NOTE
r-devel-windows-x86_64 0.2.2 3.00 47.00 50.00 NOTE
r-patched-linux-x86_64 0.2.2 2.55 32.83 35.38 NOTE
r-release-linux-x86_64 0.2.2 3.20 32.56 35.76 NOTE
r-release-macos-arm64 0.2.2 24.00 NOTE
r-release-macos-x86_64 0.2.2 36.00 NOTE
r-release-windows-x86_64 0.2.2 5.00 51.00 56.00 NOTE
r-oldrel-macos-arm64 0.2.2 21.00 NOTE
r-oldrel-windows-x86_64 0.2.2 5.00 55.00 60.00 NOTE

Check Details

Version: 0.2.2
Check: LazyData
Result: NOTE 'LazyData' is specified without a 'data' directory Flavors: r-devel-linux-x86_64-debian-clang, r-devel-linux-x86_64-debian-gcc, r-devel-linux-x86_64-fedora-clang, r-devel-linux-x86_64-fedora-gcc, r-devel-windows-x86_64, r-patched-linux-x86_64, r-release-linux-x86_64, r-release-macos-arm64, r-release-macos-x86_64, r-release-windows-x86_64, r-oldrel-macos-arm64, r-oldrel-windows-x86_64