CRAN Package Check Results for Package prettyR

Last updated on 2024-07-25 01:55:45 CEST.

Flavor Version Tinstall Tcheck Ttotal Status Flags
r-devel-linux-x86_64-debian-clang 2.2-3 4.65 31.20 35.85 NOTE
r-devel-linux-x86_64-debian-gcc 2.2-3 2.77 24.04 26.81 NOTE
r-devel-linux-x86_64-fedora-clang 2.2-3 44.42 NOTE
r-devel-linux-x86_64-fedora-gcc 2.2-3 43.98 NOTE
r-devel-windows-x86_64 2.2-3 5.00 51.00 56.00 OK
r-patched-linux-x86_64 2.2-3 3.17 30.30 33.47 NOTE
r-release-linux-x86_64 2.2-3 2.94 29.91 32.85 NOTE
r-release-macos-arm64 2.2-3 16.00 OK
r-release-macos-x86_64 2.2-3 25.00 OK
r-release-windows-x86_64 2.2-3 4.00 49.00 53.00 OK
r-oldrel-macos-arm64 2.2-3 18.00 OK
r-oldrel-macos-x86_64 2.2-3 23.00 OK
r-oldrel-windows-x86_64 2.2-3 7.00 52.00 59.00 OK

Check Details

Version: 2.2-3
Check: for non-standard things in the check directory
Result: NOTE Found the following files/directories: ‘hista.png’ ‘plotcd.png’ ‘test.R’ ‘test.html’ ‘testR2html.R’ ‘testglm.csv’ ‘testglm.html’ ‘testglm.tab’ Flavors: r-devel-linux-x86_64-debian-clang, r-devel-linux-x86_64-debian-gcc, r-devel-linux-x86_64-fedora-clang, r-devel-linux-x86_64-fedora-gcc, r-patched-linux-x86_64, r-release-linux-x86_64