Last updated on 2023-10-02 17:01:45 CEST.
Flavor | Version | Tinstall | Tcheck | Ttotal | Status | Flags |
---|---|---|---|---|---|---|
r-devel-linux-x86_64-debian-clang | 2.2-3 | 3.51 | 30.67 | 34.18 | NOTE | |
r-devel-linux-x86_64-debian-gcc | 2.2-3 | 2.85 | 23.58 | 26.43 | NOTE | |
r-devel-linux-x86_64-fedora-clang | 2.2-3 | 42.69 | NOTE | |||
r-devel-linux-x86_64-fedora-gcc | 2.2-3 | 41.40 | NOTE | |||
r-devel-windows-x86_64 | 2.2-3 | 6.00 | 50.00 | 56.00 | OK | |
r-patched-linux-x86_64 | 2.2-3 | 4.95 | 30.84 | 35.79 | NOTE | |
r-release-linux-x86_64 | 2.2-3 | 3.89 | 30.61 | 34.50 | NOTE | |
r-release-macos-arm64 | 2.2-3 | 18.00 | OK | |||
r-release-macos-x86_64 | 2.2-3 | 23.00 | OK | |||
r-release-windows-x86_64 | 2.2-3 | 6.00 | 57.00 | 63.00 | OK | |
r-oldrel-macos-arm64 | 2.2-3 | 18.00 | OK | |||
r-oldrel-macos-x86_64 | 2.2-3 | 24.00 | OK | |||
r-oldrel-windows-x86_64 | 2.2-3 | 9.00 | 56.00 | 65.00 | OK |
Version: 2.2-3
Check: for non-standard things in the check directory
Result: NOTE
Found the following files/directories:
‘hista.png’ ‘plotcd.png’ ‘test.R’ ‘test.html’ ‘testR2html.R’
‘testglm.csv’ ‘testglm.html’ ‘testglm.tab’
Flavors: r-devel-linux-x86_64-debian-clang, r-devel-linux-x86_64-debian-gcc, r-devel-linux-x86_64-fedora-clang, r-devel-linux-x86_64-fedora-gcc, r-patched-linux-x86_64, r-release-linux-x86_64