CRAN Package Check Results for Package prettydoc

Last updated on 2024-03-04 19:54:21 CET.

Flavor Version Tinstall Tcheck Ttotal Status Flags
r-devel-linux-x86_64-debian-clang 0.4.1 3.63 44.32 47.95 NOTE
r-devel-linux-x86_64-debian-gcc 0.4.1 2.57 34.23 36.80 NOTE
r-devel-linux-x86_64-fedora-clang 0.4.1 59.13 NOTE
r-devel-linux-x86_64-fedora-gcc 0.4.1 70.07 NOTE
r-devel-windows-x86_64 0.4.1 4.00 63.00 67.00 NOTE
r-patched-linux-x86_64 0.4.1 3.27 43.66 46.93 NOTE
r-release-linux-x86_64 0.4.1 2.60 43.22 45.82 NOTE
r-release-macos-arm64 0.4.1 36.00 NOTE
r-release-macos-x86_64 0.4.1 47.00 NOTE
r-release-windows-x86_64 0.4.1 5.00 63.00 68.00 NOTE
r-oldrel-macos-arm64 0.4.1 22.00 NOTE
r-oldrel-windows-x86_64 0.4.1 6.00 67.00 73.00 NOTE

Check Details

Version: 0.4.1
Check: LazyData
Result: NOTE 'LazyData' is specified without a 'data' directory Flavors: r-devel-linux-x86_64-debian-clang, r-devel-linux-x86_64-debian-gcc, r-devel-linux-x86_64-fedora-clang, r-devel-linux-x86_64-fedora-gcc, r-devel-windows-x86_64, r-patched-linux-x86_64, r-release-linux-x86_64, r-release-macos-arm64, r-release-macos-x86_64, r-release-windows-x86_64, r-oldrel-macos-arm64, r-oldrel-windows-x86_64