CRAN Package Check Results for Package prinvars

Last updated on 2024-02-22 12:48:35 CET.

Flavor Version Tinstall Tcheck Ttotal Status Flags
r-devel-linux-x86_64-debian-clang 1.0.0 OK
r-devel-linux-x86_64-debian-gcc 1.0.0 3.06 31.86 34.92 OK
r-devel-linux-x86_64-fedora-clang 1.0.0 59.76 OK
r-devel-linux-x86_64-fedora-gcc 1.0.0 54.19 OK
r-devel-windows-x86_64 1.0.0 4.00 54.00 58.00 OK
r-patched-linux-x86_64 1.0.0 3.48 41.26 44.74 OK
r-release-linux-x86_64 1.0.0 4.22 41.60 45.82 OK
r-release-macos-arm64 1.0.0 23.00 OK
r-release-macos-x86_64 1.0.0 31.00 NOTE
r-release-windows-x86_64 1.0.0 5.00 59.00 64.00 OK
r-oldrel-macos-arm64 1.0.0 20.00 OK
r-oldrel-windows-x86_64 1.0.0 7.00 62.00 69.00 OK

Check Details

Version: 1.0.0
Check: package dependencies
Result: NOTE Package suggested but not available for checking: ‘AER’ Flavor: r-release-macos-x86_64