Last updated on 2023-03-20 15:57:20 CET.
Flavor | Version | Tinstall | Tcheck | Ttotal | Status | Flags |
---|---|---|---|---|---|---|
r-devel-linux-x86_64-debian-clang | 7.2.2 | NOTE | ||||
r-devel-linux-x86_64-debian-gcc | 7.2.2 | 460.67 | 369.55 | 830.22 | NOTE | |
r-devel-linux-x86_64-fedora-clang | 7.2.2 | 1563.40 | NOTE | |||
r-devel-linux-x86_64-fedora-gcc | 7.2.2 | 1383.83 | NOTE | |||
r-patched-linux-x86_64 | 7.2.2 | 516.60 | 438.84 | 955.44 | NOTE | |
r-release-linux-x86_64 | 7.2.2 | 486.30 | 426.58 | 912.88 | NOTE | |
r-release-macos-arm64 | 7.2.2 | 314.00 | NOTE | |||
r-release-macos-x86_64 | 7.2.2 | 381.00 | NOTE | |||
r-release-windows-x86_64 | 7.2.2 | 629.00 | 559.00 | 1188.00 | NOTE | |
r-oldrel-macos-arm64 | 7.2.2 | 285.00 | NOTE | |||
r-oldrel-macos-x86_64 | 7.2.2 | 371.00 | NOTE | |||
r-oldrel-windows-ix86+x86_64 | 7.2.2 | 1411.00 | 675.00 | 2086.00 | NOTE |
Version: 7.2.2
Check: package dependencies
Result: NOTE
Packages suggested but not available for checking:
'gurobi', 'rcbc', 'cplexAPI'
Flavors: r-devel-linux-x86_64-debian-clang, r-devel-linux-x86_64-debian-gcc, r-devel-linux-x86_64-fedora-clang, r-devel-linux-x86_64-fedora-gcc, r-patched-linux-x86_64, r-release-linux-x86_64, r-release-macos-arm64, r-release-macos-x86_64, r-release-windows-x86_64, r-oldrel-macos-arm64, r-oldrel-macos-x86_64, r-oldrel-windows-ix86+x86_64
Version: 7.2.2
Check: C++ specification
Result: NOTE
Specified C++11: please drop specification unless essential
Flavors: r-devel-linux-x86_64-debian-clang, r-devel-linux-x86_64-debian-gcc, r-devel-linux-x86_64-fedora-clang, r-devel-linux-x86_64-fedora-gcc
Version: 7.2.2
Check: installed package size
Result: NOTE
installed size is 8.0Mb
sub-directories of 1Mb or more:
R 1.1Mb
doc 4.6Mb
Flavors: r-devel-linux-x86_64-fedora-clang, r-release-macos-arm64, r-release-macos-x86_64, r-release-windows-x86_64, r-oldrel-macos-arm64, r-oldrel-macos-x86_64, r-oldrel-windows-ix86+x86_64