CRAN Package Check Results for Package prisonbrief

Last updated on 2024-06-12 16:56:53 CEST.

Flavor Version Tinstall Tcheck Ttotal Status Flags
r-devel-linux-x86_64-debian-clang 0.1.2 27.25 267.42 294.67 OK
r-devel-linux-x86_64-debian-gcc 0.1.2 25.44 184.95 210.39 OK
r-devel-linux-x86_64-fedora-clang 0.1.2 354.76 NOTE
r-devel-linux-x86_64-fedora-gcc 0.1.2 334.39 NOTE
r-devel-windows-x86_64 0.1.2 22.00 160.00 182.00 OK
r-patched-linux-x86_64 0.1.2 30.56 252.04 282.60 OK
r-release-linux-x86_64 0.1.2 19.63 253.42 273.05 OK
r-release-macos-arm64 0.1.2 79.00 OK
r-release-macos-x86_64 0.1.2 176.00 OK
r-release-windows-x86_64 0.1.2 22.00 158.00 180.00 OK
r-oldrel-macos-arm64 0.1.2 32.00 OK
r-oldrel-macos-x86_64 0.1.2 48.00 OK
r-oldrel-windows-x86_64 0.1.2 32.00 206.00 238.00 OK

Check Details

Version: 0.1.2
Check: data for non-ASCII characters
Result: NOTE Note: found 2 marked UTF-8 strings Flavors: r-devel-linux-x86_64-fedora-clang, r-devel-linux-x86_64-fedora-gcc