Last updated on 2023-10-02 13:03:00 CEST.
Flavor | Version | Tinstall | Tcheck | Ttotal | Status | Flags |
---|---|---|---|---|---|---|
r-devel-linux-x86_64-debian-clang | 0.1.0 | 9.64 | 73.01 | 82.65 | NOTE | |
r-devel-linux-x86_64-debian-gcc | 0.1.0 | 7.50 | 54.51 | 62.01 | NOTE | |
r-devel-linux-x86_64-fedora-clang | 0.1.0 | 100.16 | NOTE | |||
r-devel-linux-x86_64-fedora-gcc | 0.1.0 | 108.47 | NOTE | |||
r-devel-windows-x86_64 | 0.1.0 | 8.00 | 72.00 | 80.00 | NOTE | |
r-patched-linux-x86_64 | 0.1.0 | 5.68 | 70.21 | 75.89 | NOTE | |
r-release-linux-x86_64 | 0.1.0 | 6.29 | 70.62 | 76.91 | NOTE | |
r-release-macos-arm64 | 0.1.0 | 38.00 | NOTE | |||
r-release-macos-x86_64 | 0.1.0 | 65.00 | NOTE | |||
r-release-windows-x86_64 | 0.1.0 | 12.00 | 80.00 | 92.00 | NOTE | |
r-oldrel-macos-arm64 | 0.1.0 | 34.00 | NOTE | |||
r-oldrel-macos-x86_64 | 0.1.0 | 55.00 | NOTE | |||
r-oldrel-windows-x86_64 | 0.1.0 | 12.00 | 86.00 | 98.00 | NOTE |
Version: 0.1.0
Check: LazyData
Result: NOTE
'LazyData' is specified without a 'data' directory
Flavors: r-devel-linux-x86_64-debian-clang, r-devel-linux-x86_64-debian-gcc, r-devel-linux-x86_64-fedora-clang, r-devel-linux-x86_64-fedora-gcc, r-devel-windows-x86_64, r-patched-linux-x86_64, r-release-linux-x86_64, r-release-macos-arm64, r-release-macos-x86_64, r-release-windows-x86_64, r-oldrel-macos-arm64, r-oldrel-macos-x86_64, r-oldrel-windows-x86_64