CRAN Package Check Results for Package profile

Last updated on 2022-01-22 11:51:08 CET.

Flavor Version Tinstall Tcheck Ttotal Status Flags
r-devel-linux-x86_64-debian-clang 1.0.2 3.92 51.01 54.93 NOTE
r-devel-linux-x86_64-debian-gcc 1.0.2 2.86 37.60 40.46 NOTE
r-devel-linux-x86_64-fedora-clang 1.0.2 67.02 NOTE
r-devel-linux-x86_64-fedora-gcc 1.0.2 52.05 NOTE
r-devel-windows-x86_64-new-UL 1.0.2 31.00 74.00 105.00 NOTE
r-devel-windows-x86_64-new-TK 1.0.2 NOTE
r-patched-linux-x86_64 1.0.2 6.50 46.52 53.02 NOTE
r-release-linux-x86_64 1.0.2 3.63 47.37 51.00 NOTE
r-release-macos-arm64 1.0.2 NOTE
r-release-macos-x86_64 1.0.2 NOTE
r-release-windows-ix86+x86_64 1.0.2 8.00 59.00 67.00 NOTE
r-oldrel-macos-x86_64 1.0.2 NOTE
r-oldrel-windows-ix86+x86_64 1.0.2 10.00 60.00 70.00 OK

Check Details

Version: 1.0.2
Check: LazyData
Result: NOTE
     'LazyData' is specified without a 'data' directory
Flavors: r-devel-linux-x86_64-debian-clang, r-devel-linux-x86_64-debian-gcc, r-devel-linux-x86_64-fedora-clang, r-devel-linux-x86_64-fedora-gcc, r-devel-windows-x86_64-new-UL, r-devel-windows-x86_64-new-TK, r-patched-linux-x86_64, r-release-linux-x86_64, r-release-macos-arm64, r-release-macos-x86_64, r-release-windows-ix86+x86_64

Version: 1.0.2
Check: package dependencies
Result: NOTE
    Package suggested but not available for checking: ‘dm’
Flavor: r-oldrel-macos-x86_64

Version: 1.0.2
Check: Rd cross-references
Result: NOTE
    Package unavailable to check Rd xrefs: ‘dm’
Flavor: r-oldrel-macos-x86_64