Last updated on 2023-12-07 04:02:03 CET.
Flavor | Version | Tinstall | Tcheck | Ttotal | Status | Flags |
---|---|---|---|---|---|---|
r-devel-linux-x86_64-debian-clang | 0.6.0 | 2.96 | 42.69 | 45.65 | NOTE | |
r-devel-linux-x86_64-debian-gcc | 0.6.0 | 2.03 | 33.90 | 35.93 | NOTE | |
r-devel-linux-x86_64-fedora-clang | 0.6.0 | 58.11 | OK | |||
r-devel-linux-x86_64-fedora-gcc | 0.6.0 | 55.02 | OK | |||
r-devel-windows-x86_64 | 0.6.0 | 3.00 | 56.00 | 59.00 | OK | |
r-patched-linux-x86_64 | 0.6.0 | 2.81 | 42.11 | 44.92 | OK | |
r-release-linux-x86_64 | 0.6.0 | 2.89 | 41.93 | 44.82 | OK | |
r-release-macos-arm64 | 0.6.0 | 23.00 | OK | |||
r-release-macos-x86_64 | 0.6.0 | 31.00 | OK | |||
r-release-windows-x86_64 | 0.6.0 | 5.00 | 61.00 | 66.00 | OK | |
r-oldrel-macos-arm64 | 0.6.0 | 19.00 | OK | |||
r-oldrel-macos-x86_64 | 0.6.0 | 33.00 | OK | |||
r-oldrel-windows-x86_64 | 0.6.0 | 4.00 | 63.00 | 67.00 | OK |
Version: 0.6.0
Check: Rd files
Result: NOTE
checkRd: (-1) summary.projections.Rd:33-48: Lost braces
33 | if (require(incidence)) {
| ^
Flavors: r-devel-linux-x86_64-debian-clang, r-devel-linux-x86_64-debian-gcc