CRAN Package Check Results for Package protr

Last updated on 2021-11-29 07:51:19 CET.

Flavor Version Tinstall Tcheck Ttotal Status Flags
r-devel-linux-x86_64-debian-clang 1.6-2 OK
r-devel-linux-x86_64-debian-gcc 1.6-2 16.46 83.91 100.37 OK
r-devel-linux-x86_64-fedora-clang 1.6-2 167.97 OK
r-devel-linux-x86_64-fedora-gcc 1.6-2 141.47 OK
r-devel-windows-x86_64-new-UL 1.6-2 40.00 152.00 192.00 OK
r-devel-windows-x86_64-new-TK 1.6-2 OK
r-devel-windows-x86_64-old 1.6-2 29.00 129.00 158.00 OK
r-patched-linux-x86_64 1.6-2 20.61 108.82 129.43 OK
r-patched-solaris-x86 1.6-2 185.40 OK
r-release-linux-x86_64 1.6-2 18.02 108.64 126.66 OK
r-release-macos-arm64 1.6-2 NOTE
r-release-macos-x86_64 1.6-2 NOTE
r-release-windows-ix86+x86_64 1.6-2 30.00 95.00 125.00 OK
r-oldrel-macos-x86_64 1.6-2 OK
r-oldrel-windows-ix86+x86_64 1.6-2 24.00 125.00 149.00 OK

Check Details

Version: 1.6-2
Check: package dependencies
Result: NOTE
    Packages suggested but not available for checking:
     'GOSemSim', 'org.Hs.eg.db'
Flavor: r-release-macos-arm64

Version: 1.6-2
Check: package dependencies
Result: NOTE
    Package suggested but not available for checking: ‘org.Hs.eg.db’
Flavor: r-release-macos-x86_64