CRAN Package Check Results for Package prt

Last updated on 2025-01-21 12:49:47 CET.

Flavor Version Tinstall Tcheck Ttotal Status Flags
r-devel-linux-x86_64-debian-clang 0.2.0 4.86 60.04 64.90 NOTE
r-devel-linux-x86_64-debian-gcc 0.2.0 3.35 44.05 47.40 NOTE
r-devel-linux-x86_64-fedora-clang 0.2.0 98.66 OK
r-devel-linux-x86_64-fedora-gcc 0.2.0 102.94 OK
r-devel-windows-x86_64 0.2.0 6.00 69.00 75.00 NOTE
r-patched-linux-x86_64 0.2.0 7.74 53.00 60.74 OK
r-release-linux-x86_64 0.2.0 4.06 52.77 56.83 OK
r-release-macos-arm64 0.2.0 36.00 OK
r-release-macos-x86_64 0.2.0 59.00 OK
r-release-windows-x86_64 0.2.0 6.00 70.00 76.00 OK
r-oldrel-macos-arm64 0.2.0 39.00 OK
r-oldrel-macos-x86_64 0.2.0 68.00 OK
r-oldrel-windows-x86_64 0.2.0 7.00 79.00 86.00 OK

Check Details

Version: 0.2.0
Check: Rd cross-references
Result: NOTE Found the following Rd file(s) with Rd \link{} targets missing package anchors: formatting.Rd: tbl_format_setup Please provide package anchors for all Rd \link{} targets not in the package itself and the base packages. Flavors: r-devel-linux-x86_64-debian-clang, r-devel-linux-x86_64-debian-gcc, r-devel-windows-x86_64