CRAN Package Check Results for Package psborrow

Last updated on 2021-10-17 12:52:53 CEST.

Flavor Version Tinstall Tcheck Ttotal Status Flags
r-devel-linux-x86_64-debian-clang 0.1.0 13.01 592.77 605.78 OK
r-devel-linux-x86_64-debian-gcc 0.1.0 10.48 438.87 449.35 OK
r-devel-linux-x86_64-fedora-clang 0.1.0 883.65 NOTE
r-devel-linux-x86_64-fedora-gcc 0.1.0 976.16 NOTE
r-devel-windows-x86_64 0.1.0 20.00 572.00 592.00 OK
r-devel-windows-x86_64-gcc10-UCRT 0.1.0 NOTE
r-patched-linux-x86_64 0.1.0 10.53 580.86 591.39 OK
r-patched-solaris-x86 0.1.0 193.80 NOTE
r-release-linux-x86_64 0.1.0 10.95 569.03 579.98 OK
r-release-macos-arm64 0.1.0 NOTE
r-release-macos-x86_64 0.1.0 NOTE
r-release-windows-ix86+x86_64 0.1.0 37.00 703.00 740.00 OK
r-oldrel-macos-x86_64 0.1.0 NOTE
r-oldrel-windows-ix86+x86_64 0.1.0 30.00 721.00 751.00 OK

Check Details

Version: 0.1.0
Check: dependencies in R code
Result: NOTE
    Namespaces in Imports field not imported from:
     ‘matrixcalc’ ‘tidyr’ ‘utils’
     All declared Imports should be used.
Flavors: r-devel-linux-x86_64-fedora-clang, r-devel-linux-x86_64-fedora-gcc, r-devel-windows-x86_64-gcc10-UCRT, r-patched-solaris-x86, r-release-macos-arm64, r-release-macos-x86_64, r-oldrel-macos-x86_64