Last updated on 2023-03-28 09:53:55 CEST.
Flavor | Version | Tinstall | Tcheck | Ttotal | Status | Flags |
---|---|---|---|---|---|---|
r-devel-linux-x86_64-debian-clang | 0.3-19 | 291.52 | 112.63 | 404.15 | OK | |
r-devel-linux-x86_64-debian-gcc | 0.3-19 | 224.47 | 82.90 | 307.37 | OK | |
r-devel-linux-x86_64-fedora-clang | 0.3-19 | 622.83 | OK | |||
r-devel-linux-x86_64-fedora-gcc | 0.3-19 | 535.52 | OK | |||
r-patched-linux-x86_64 | 0.3-19 | 208.14 | 105.85 | 313.99 | OK | |
r-release-linux-x86_64 | 0.3-19 | 180.99 | 105.83 | 286.82 | OK | |
r-release-macos-arm64 | 0.3-19 | 92.00 | NOTE | |||
r-release-macos-x86_64 | 0.3-19 | 218.00 | NOTE | |||
r-release-windows-x86_64 | 0.3-19 | 224.00 | 165.00 | 389.00 | OK | |
r-oldrel-macos-arm64 | 0.3-19 | 117.00 | NOTE | |||
r-oldrel-macos-x86_64 | 0.3-19 | 179.00 | NOTE | |||
r-oldrel-windows-ix86+x86_64 | 0.3-19 | 681.00 | 195.00 | 876.00 | OK |
Version: 0.3-19
Check: installed package size
Result: NOTE
installed size is 8.6Mb
sub-directories of 1Mb or more:
libs 8.5Mb
Flavors: r-release-macos-arm64, r-release-macos-x86_64, r-oldrel-macos-arm64, r-oldrel-macos-x86_64