CRAN Package Check Results for Package pspline.inference

Last updated on 2021-11-27 07:49:58 CET.

Flavor Version Tinstall Tcheck Ttotal Status Flags
r-devel-linux-x86_64-debian-clang 1.0.4 NOTE
r-devel-linux-x86_64-debian-gcc 1.0.4 8.09 126.61 134.70 NOTE
r-devel-linux-x86_64-fedora-clang 1.0.4 220.10 NOTE
r-devel-linux-x86_64-fedora-gcc 1.0.4 213.73 NOTE
r-devel-windows-x86_64-new-UL 1.0.4 19.00 220.00 239.00 NOTE
r-devel-windows-x86_64-new-TK 1.0.4 WARN
r-devel-windows-x86_64-old 1.0.4 14.00 204.00 218.00 NOTE
r-patched-linux-x86_64 1.0.4 8.96 159.79 168.75 NOTE
r-patched-solaris-x86 1.0.4 173.70 NOTE
r-release-linux-x86_64 1.0.4 NOTE
r-release-macos-arm64 1.0.4 NOTE
r-release-macos-x86_64 1.0.4 NOTE
r-release-windows-ix86+x86_64 1.0.4 23.00 138.00 161.00 NOTE
r-oldrel-macos-x86_64 1.0.4 OK
r-oldrel-windows-ix86+x86_64 1.0.4 41.00 212.00 253.00 OK

Check Details

Version: 1.0.4
Check: LazyData
Result: NOTE
     'LazyData' is specified without a 'data' directory
Flavors: r-devel-linux-x86_64-debian-clang, r-devel-linux-x86_64-debian-gcc, r-devel-linux-x86_64-fedora-clang, r-devel-linux-x86_64-fedora-gcc, r-devel-windows-x86_64-new-UL, r-devel-windows-x86_64-new-TK, r-devel-windows-x86_64-old, r-patched-linux-x86_64, r-patched-solaris-x86, r-release-linux-x86_64, r-release-macos-arm64, r-release-macos-x86_64, r-release-windows-ix86+x86_64

Version: 1.0.4
Check: re-building of vignette outputs
Result: WARN
    Error(s) in re-building vignettes:
    --- re-building 'seasonal.Rmd' using rmarkdown
    Loading required package: nlme
    This is mgcv 1.8-38. For overview type 'help("mgcv-package")'.
    
    Attaching package: 'dplyr'
    
    The following object is masked from 'package:nlme':
    
     collapse
    
    The following objects are masked from 'package:stats':
    
     filter, lag
    
    The following objects are masked from 'package:base':
    
     intersect, setdiff, setequal, union
    
    
    Attaching package: 'kableExtra'
    
    The following object is masked from 'package:dplyr':
    
     group_rows
    
    Loading required package: foreach
    Loading required package: iterators
    Loading required package: parallel
    Warning: <anonymous>: ... may be used in an incorrect context: '.fun(piece, ...)'
    
    Warning: <anonymous>: ... may be used in an incorrect context: '.fun(piece, ...)'
    
    Quitting from lines 331-342 (seasonal.Rmd)
    Error: processing vignette 'seasonal.Rmd' failed with diagnostics:
    task 1 failed - "object 'makeModel' not found"
    --- failed re-building 'seasonal.Rmd'
    
    SUMMARY: processing the following file failed:
     'seasonal.Rmd'
    
    Error: Vignette re-building failed.
    Execution halted
Flavor: r-devel-windows-x86_64-new-TK