CRAN Package Check Results for Package pstest

Last updated on 2023-12-06 11:52:35 CET.

Flavor Version Tinstall Tcheck Ttotal Status Flags
r-devel-linux-x86_64-debian-clang 0.1.3.900 3.12 27.99 31.11 NOTE
r-devel-linux-x86_64-debian-gcc 0.1.3.900 2.31 21.95 24.26 NOTE
r-devel-linux-x86_64-fedora-clang 0.1.3.900 40.48 NOTE
r-devel-linux-x86_64-fedora-gcc 0.1.3.900 38.14 NOTE
r-devel-windows-x86_64 0.1.3.900 3.00 44.00 47.00 NOTE
r-patched-linux-x86_64 0.1.3.900 3.02 25.89 28.91 NOTE
r-release-linux-x86_64 0.1.3.900 2.70 25.84 28.54 NOTE
r-release-macos-arm64 0.1.3.900 18.00 NOTE
r-release-macos-x86_64 0.1.3.900 23.00 NOTE
r-release-windows-x86_64 0.1.3.900 4.00 40.00 44.00 NOTE
r-oldrel-macos-arm64 0.1.3.900 17.00 NOTE
r-oldrel-macos-x86_64 0.1.3.900 22.00 NOTE
r-oldrel-windows-x86_64 0.1.3.900 4.00 46.00 50.00 NOTE

Check Details

Version: 0.1.3.900
Check: LazyData
Result: NOTE 'LazyData' is specified without a 'data' directory Flavors: r-devel-linux-x86_64-debian-clang, r-devel-linux-x86_64-debian-gcc, r-devel-linux-x86_64-fedora-clang, r-devel-linux-x86_64-fedora-gcc, r-devel-windows-x86_64, r-patched-linux-x86_64, r-release-linux-x86_64, r-release-macos-arm64, r-release-macos-x86_64, r-release-windows-x86_64, r-oldrel-macos-arm64, r-oldrel-macos-x86_64, r-oldrel-windows-x86_64