Last updated on 2023-05-31 08:58:03 CEST.
Flavor | Version | Tinstall | Tcheck | Ttotal | Status | Flags |
---|---|---|---|---|---|---|
r-devel-linux-x86_64-debian-clang | 0.4.1 | 8.54 | 226.18 | 234.72 | OK | |
r-devel-linux-x86_64-debian-gcc | 0.4.1 | 7.66 | 170.47 | 178.13 | OK | |
r-devel-linux-x86_64-fedora-clang | 0.4.1 | 287.42 | NOTE | |||
r-devel-linux-x86_64-fedora-gcc | 0.4.1 | 301.27 | NOTE | |||
r-devel-windows-x86_64 | 0.4.1 | 10.00 | 189.00 | 199.00 | OK | |
r-patched-linux-x86_64 | 0.4.1 | 9.68 | 210.35 | 220.03 | OK | |
r-release-linux-x86_64 | 0.4.1 | 7.25 | 217.48 | 224.73 | OK | |
r-release-macos-arm64 | 0.4.1 | 92.00 | OK | |||
r-release-macos-x86_64 | 0.4.1 | 155.00 | OK | |||
r-release-windows-x86_64 | 0.4.1 | 11.00 | 240.00 | 251.00 | OK | |
r-oldrel-macos-arm64 | 0.4.1 | 79.00 | NOTE | |||
r-oldrel-macos-x86_64 | 0.4.1 | 103.00 | NOTE | |||
r-oldrel-windows-x86_64 | 0.4.1 | 12.00 | 238.00 | 250.00 | OK |
Version: 0.4.1
Check: dependencies in R code
Result: NOTE
Namespaces in Imports field not imported from:
‘lifecycle’ ‘patchwork’
All declared Imports should be used.
Flavors: r-devel-linux-x86_64-fedora-clang, r-devel-linux-x86_64-fedora-gcc, r-oldrel-macos-arm64, r-oldrel-macos-x86_64