CRAN Package Check Results for Package ptm

Last updated on 2022-01-26 08:51:27 CET.

Flavor Version Tinstall Tcheck Ttotal Status Flags
r-devel-linux-x86_64-debian-clang 0.2.4 24.59 214.78 239.37 OK
r-devel-linux-x86_64-debian-gcc 0.2.4 18.71 162.47 181.18 OK
r-devel-linux-x86_64-fedora-clang 0.2.4 272.51 OK
r-devel-linux-x86_64-fedora-gcc 0.2.4 271.25 OK
r-devel-windows-x86_64-new-UL 0.2.4 88.00 278.00 366.00 OK
r-devel-windows-x86_64-new-TK 0.2.4 OK
r-patched-linux-x86_64 0.2.4 24.63 200.29 224.92 OK
r-release-linux-x86_64 0.2.4 21.33 198.05 219.38 OK
r-release-macos-arm64 0.2.4 ERROR
r-release-macos-x86_64 0.2.4 ERROR
r-release-windows-ix86+x86_64 0.2.4 46.00 259.00 305.00 OK
r-oldrel-macos-x86_64 0.2.4 ERROR
r-oldrel-windows-ix86+x86_64 0.2.4 44.00 252.00 296.00 OK

Check Details

Version: 0.2.4
Check: package dependencies
Result: ERROR
    Package required but not available: ‘muscle’
    
    See section ‘The DESCRIPTION file’ in the ‘Writing R Extensions’
    manual.
Flavors: r-release-macos-arm64, r-release-macos-x86_64

Version: 0.2.4
Check: package dependencies
Result: ERROR
    Package required but not available: ‘muscle’
    
    Package suggested but not available for checking: ‘KEGGREST’
    
    See section ‘The DESCRIPTION file’ in the ‘Writing R Extensions’
    manual.
Flavor: r-oldrel-macos-x86_64