CRAN Package Check Results for Package pubtatordb

Last updated on 2021-12-02 00:49:20 CET.

Flavor Version Tinstall Tcheck Ttotal Status Flags
r-devel-linux-x86_64-debian-clang 0.1.4 2.60 26.92 29.52 NOTE
r-devel-linux-x86_64-debian-gcc 0.1.4 1.98 21.26 23.24 NOTE
r-devel-linux-x86_64-fedora-clang 0.1.4 46.70 NOTE
r-devel-linux-x86_64-fedora-gcc 0.1.4 36.05 NOTE
r-devel-windows-x86_64-new-UL 0.1.4 7.00 67.00 74.00 NOTE
r-devel-windows-x86_64-new-TK 0.1.4 NOTE
r-devel-windows-x86_64-old 0.1.4 6.00 35.00 41.00 NOTE
r-patched-linux-x86_64 0.1.4 2.37 25.57 27.94 NOTE
r-patched-solaris-x86 0.1.4 53.60 NOTE
r-release-linux-x86_64 0.1.4 2.21 25.97 28.18 NOTE
r-release-macos-arm64 0.1.4 NOTE
r-release-macos-x86_64 0.1.4 NOTE
r-release-windows-ix86+x86_64 0.1.4 6.00 44.00 50.00 NOTE
r-oldrel-macos-x86_64 0.1.4 OK
r-oldrel-windows-ix86+x86_64 0.1.4 6.00 48.00 54.00 OK

Check Details

Version: 0.1.4
Check: LazyData
Result: NOTE
     'LazyData' is specified without a 'data' directory
Flavors: r-devel-linux-x86_64-debian-clang, r-devel-linux-x86_64-debian-gcc, r-devel-linux-x86_64-fedora-clang, r-devel-linux-x86_64-fedora-gcc, r-devel-windows-x86_64-new-UL, r-devel-windows-x86_64-new-TK, r-devel-windows-x86_64-old, r-patched-linux-x86_64, r-patched-solaris-x86, r-release-linux-x86_64, r-release-macos-arm64, r-release-macos-x86_64, r-release-windows-ix86+x86_64