Last updated on 2023-03-28 09:53:55 CEST.
Flavor | Version | Tinstall | Tcheck | Ttotal | Status | Flags |
---|---|---|---|---|---|---|
r-devel-linux-x86_64-debian-clang | 0.2.5 | 53.45 | 55.67 | 109.12 | NOTE | |
r-devel-linux-x86_64-debian-gcc | 0.2.5 | 42.07 | 42.50 | 84.57 | NOTE | |
r-devel-linux-x86_64-fedora-clang | 0.2.5 | 164.15 | NOTE | |||
r-devel-linux-x86_64-fedora-gcc | 0.2.5 | 143.75 | NOTE | |||
r-patched-linux-x86_64 | 0.2.5 | 53.31 | 54.93 | 108.24 | NOTE | |
r-release-linux-x86_64 | 0.2.5 | 43.09 | 52.83 | 95.92 | OK | |
r-release-macos-arm64 | 0.2.5 | 34.00 | OK | |||
r-release-macos-x86_64 | 0.2.5 | 52.00 | OK | |||
r-release-windows-x86_64 | 0.2.5 | 62.00 | 99.00 | 161.00 | OK | |
r-oldrel-macos-arm64 | 0.2.5 | 34.00 | OK | |||
r-oldrel-macos-x86_64 | 0.2.5 | 49.00 | OK | |||
r-oldrel-windows-ix86+x86_64 | 0.2.5 | 138.00 | 107.00 | 245.00 | OK |
Version: 0.2.5
Check: C++ specification
Result: NOTE
Specified C++11: please drop specification unless essential
Flavors: r-devel-linux-x86_64-debian-clang, r-devel-linux-x86_64-debian-gcc, r-devel-linux-x86_64-fedora-clang, r-devel-linux-x86_64-fedora-gcc, r-patched-linux-x86_64