CRAN Package Check Results for Package puremoe

Last updated on 2025-01-24 20:49:19 CET.

Flavor Version Tinstall Tcheck Ttotal Status Flags
r-devel-linux-x86_64-debian-clang 1.0.2 4.69 35.40 40.09 NOTE
r-devel-linux-x86_64-debian-gcc 1.0.2 3.20 26.12 29.32 NOTE
r-devel-linux-x86_64-fedora-clang 1.0.2 61.25 OK
r-devel-linux-x86_64-fedora-gcc 1.0.2 58.00 OK
r-devel-windows-x86_64 1.0.2 6.00 58.00 64.00 OK
r-patched-linux-x86_64 1.0.2 3.98 32.62 36.60 OK
r-release-linux-x86_64 1.0.2 3.81 32.69 36.50 OK
r-release-macos-arm64 1.0.2 31.00 OK
r-release-macos-x86_64 1.0.2 59.00 OK
r-release-windows-x86_64 1.0.2 6.00 57.00 63.00 OK
r-oldrel-macos-arm64 1.0.2 46.00 OK
r-oldrel-macos-x86_64 1.0.2 50.00 OK
r-oldrel-windows-x86_64 1.0.2 6.00 63.00 69.00 OK

Check Details

Version: 1.0.2
Check: DESCRIPTION meta-information
Result: NOTE Missing dependency on R >= 4.1.0 because package code uses the pipe |> or function shorthand \(...) syntax added in R 4.1.0. File(s) using such syntax: ‘source_pmc.R’ ‘source_pubmed.R’ ‘source_pubtations.R’ Flavors: r-devel-linux-x86_64-debian-clang, r-devel-linux-x86_64-debian-gcc