CRAN Package Check Results for Package puzzle

Last updated on 2025-01-18 20:48:30 CET.

Flavor Version Tinstall Tcheck Ttotal Status Flags
r-devel-linux-x86_64-debian-clang 0.0.1 2.74 24.40 27.14 OK
r-devel-linux-x86_64-debian-gcc 0.0.1 2.20 18.45 20.65 OK
r-devel-linux-x86_64-fedora-clang 0.0.1 44.38 NOTE
r-devel-linux-x86_64-fedora-gcc 0.0.1 43.30 NOTE
r-devel-windows-x86_64 0.0.1 5.00 49.00 54.00 OK
r-patched-linux-x86_64 0.0.1 3.30 23.08 26.38 OK
r-release-linux-x86_64 0.0.1 2.99 22.87 25.86 OK
r-release-macos-arm64 0.0.1 19.00 OK
r-release-macos-x86_64 0.0.1 25.00 OK
r-release-windows-x86_64 0.0.1 5.00 47.00 52.00 OK
r-oldrel-macos-arm64 0.0.1 20.00 OK
r-oldrel-macos-x86_64 0.0.1 27.00 OK
r-oldrel-windows-x86_64 0.0.1 6.00 50.00 56.00 OK

Check Details

Version: 0.0.1
Check: dependencies in R code
Result: NOTE Namespaces in Imports field not imported from: ‘kableExtra’ ‘readr’ ‘tidyverse’ All declared Imports should be used. Flavors: r-devel-linux-x86_64-fedora-clang, r-devel-linux-x86_64-fedora-gcc