CRAN Package Check Results for Package pxR

Last updated on 2021-09-26 00:48:50 CEST.

Flavor Version Tinstall Tcheck Ttotal Status Flags
r-devel-linux-x86_64-debian-clang 0.42.4 3.71 32.81 36.52 NOTE
r-devel-linux-x86_64-debian-gcc 0.42.4 2.91 24.98 27.89 NOTE
r-devel-linux-x86_64-fedora-clang 0.42.4 52.08 NOTE
r-devel-linux-x86_64-fedora-gcc 0.42.4 41.29 NOTE
r-devel-windows-x86_64 0.42.4 5.00 38.00 43.00 NOTE
r-devel-windows-x86_64-gcc10-UCRT 0.42.4 NOTE
r-patched-linux-x86_64 0.42.4 3.06 31.60 34.66 NOTE
r-patched-solaris-x86 0.42.4 67.30 NOTE
r-release-linux-x86_64 0.42.4 3.19 31.29 34.48 NOTE
r-release-macos-arm64 0.42.4 NOTE
r-release-macos-x86_64 0.42.4 NOTE
r-release-windows-ix86+x86_64 0.42.4 9.00 41.00 50.00 NOTE
r-oldrel-macos-x86_64 0.42.4 OK
r-oldrel-windows-ix86+x86_64 0.42.4 5.00 39.00 44.00 OK

Check Details

Version: 0.42.4
Check: LazyData
Result: NOTE
     'LazyData' is specified without a 'data' directory
Flavors: r-devel-linux-x86_64-debian-clang, r-devel-linux-x86_64-debian-gcc, r-devel-linux-x86_64-fedora-clang, r-devel-linux-x86_64-fedora-gcc, r-devel-windows-x86_64, r-devel-windows-x86_64-gcc10-UCRT, r-patched-linux-x86_64, r-patched-solaris-x86, r-release-linux-x86_64, r-release-macos-arm64, r-release-macos-x86_64, r-release-windows-ix86+x86_64