Last updated on 2023-03-23 23:51:59 CET.
Flavor | Version | Tinstall | Tcheck | Ttotal | Status | Flags |
---|---|---|---|---|---|---|
r-devel-linux-x86_64-debian-clang | 1.0.3 | 198.65 | 54.52 | 253.17 | OK | |
r-devel-linux-x86_64-debian-gcc | 1.0.3 | 143.09 | 42.21 | 185.30 | OK | |
r-devel-linux-x86_64-fedora-clang | 1.0.3 | 396.66 | OK | |||
r-devel-linux-x86_64-fedora-gcc | 1.0.3 | 340.71 | OK | |||
r-patched-linux-x86_64 | 1.0.3 | 158.09 | 52.63 | 210.72 | OK | |
r-release-linux-x86_64 | 1.0.3 | 136.55 | 52.52 | 189.07 | OK | |
r-release-macos-arm64 | 1.0.3 | 79.00 | NOTE | |||
r-release-macos-x86_64 | 1.0.3 | 129.00 | NOTE | |||
r-release-windows-x86_64 | 1.0.3 | 149.00 | 165.00 | 314.00 | OK | |
r-oldrel-macos-arm64 | 1.0.3 | 77.00 | NOTE | |||
r-oldrel-macos-x86_64 | 1.0.3 | 103.00 | NOTE | |||
r-oldrel-windows-ix86+x86_64 | 1.0.3 | 460.00 | 113.00 | 573.00 | OK |
Version: 1.0.3
Check: installed package size
Result: NOTE
installed size is 6.4Mb
sub-directories of 1Mb or more:
libs 5.9Mb
Flavors: r-release-macos-arm64, r-release-macos-x86_64, r-oldrel-macos-arm64, r-oldrel-macos-x86_64