CRAN Package Check Results for Package qgisprocess

Last updated on 2024-03-02 12:48:27 CET.

Flavor Version Tinstall Tcheck Ttotal Status Flags
r-devel-linux-x86_64-debian-clang 0.3.0 4.39 96.09 100.48 NOTE
r-devel-linux-x86_64-debian-gcc 0.3.0 5.63 72.00 77.63 NOTE
r-devel-linux-x86_64-fedora-clang 0.3.0 126.24 NOTE
r-devel-linux-x86_64-fedora-gcc 0.3.0 138.92 NOTE
r-devel-windows-x86_64 0.3.0 8.00 95.00 103.00 NOTE
r-patched-linux-x86_64 0.3.0 7.60 94.11 101.71 NOTE
r-release-linux-x86_64 0.3.0 6.60 92.44 99.04 NOTE
r-release-macos-arm64 0.3.0 53.00 NOTE
r-release-macos-x86_64 0.3.0 100.00 NOTE
r-release-windows-x86_64 0.3.0 10.00 112.00 122.00 NOTE
r-oldrel-macos-arm64 0.3.0 54.00 NOTE
r-oldrel-windows-x86_64 0.3.0 10.00 118.00 128.00 NOTE

Check Details

Version: 0.3.0
Check: package dependencies
Result: NOTE Package suggested but not available for checking: ‘spDataLarge’ Flavors: r-devel-linux-x86_64-debian-clang, r-devel-linux-x86_64-debian-gcc, r-devel-linux-x86_64-fedora-clang, r-devel-linux-x86_64-fedora-gcc, r-devel-windows-x86_64, r-patched-linux-x86_64, r-release-linux-x86_64, r-release-macos-arm64, r-release-macos-x86_64, r-release-windows-x86_64, r-oldrel-macos-arm64, r-oldrel-windows-x86_64