CRAN Package Check Results for Package qgraph

Last updated on 2022-12-04 11:54:35 CET.

Flavor Version Tinstall Tcheck Ttotal Status Flags
r-devel-linux-x86_64-debian-clang 1.9.2 47.81 186.42 234.23 NOTE
r-devel-linux-x86_64-debian-gcc 1.9.2 35.79 138.15 173.94 NOTE
r-devel-linux-x86_64-fedora-clang 1.9.2 319.23 NOTE
r-devel-linux-x86_64-fedora-gcc 1.9.2 302.78 NOTE
r-devel-windows-x86_64 1.9.2 59.00 221.00 280.00 NOTE
r-patched-linux-x86_64 1.9.2 29.48 177.42 206.90 OK
r-release-linux-x86_64 1.9.2 26.86 174.56 201.42 OK
r-release-macos-arm64 1.9.2 65.00 OK
r-release-macos-x86_64 1.9.2 116.00 OK
r-release-windows-x86_64 1.9.2 73.00 234.00 307.00 OK
r-oldrel-macos-arm64 1.9.2 61.00 OK
r-oldrel-macos-x86_64 1.9.2 88.00 OK
r-oldrel-windows-ix86+x86_64 1.9.2 92.00 263.00 355.00 OK

Check Details

Version: 1.9.2
Check: Rd files
Result: NOTE
    checkRd: (-1) CentAndClusfuns.Rd:70: Escaped LaTeX specials: \&
    checkRd: (-1) EBICglasso.Rd:8: Escaped LaTeX specials: \&
    checkRd: (-1) pathways.Rd:36: Escaped LaTeX specials: \&
Flavors: r-devel-linux-x86_64-debian-clang, r-devel-linux-x86_64-debian-gcc, r-devel-linux-x86_64-fedora-clang, r-devel-linux-x86_64-fedora-gcc, r-devel-windows-x86_64