CRAN Package Check Results for Package qpcR

Last updated on 2022-01-22 11:51:08 CET.

Flavor Version Tinstall Tcheck Ttotal Status Flags
r-devel-linux-x86_64-debian-clang 1.4-1 19.87 153.98 173.85 OK
r-devel-linux-x86_64-debian-gcc 1.4-1 14.44 116.90 131.34 OK
r-devel-linux-x86_64-fedora-clang 1.4-1 208.90 NOTE
r-devel-linux-x86_64-fedora-gcc 1.4-1 198.34 OK
r-devel-windows-x86_64-new-UL 1.4-1 93.00 201.00 294.00 OK
r-devel-windows-x86_64-new-TK 1.4-1 OK
r-patched-linux-x86_64 1.4-1 20.93 151.93 172.86 OK
r-release-linux-x86_64 1.4-1 15.80 149.50 165.30 OK
r-release-macos-arm64 1.4-1 NOTE
r-release-macos-x86_64 1.4-1 OK
r-release-windows-ix86+x86_64 1.4-1 43.00 255.00 298.00 OK
r-oldrel-macos-x86_64 1.4-1 OK
r-oldrel-windows-ix86+x86_64 1.4-1 43.00 251.00 294.00 OK

Check Details

Version: 1.4-1
Check: installed package size
Result: NOTE
     installed size is 5.0Mb
     sub-directories of 1Mb or more:
     data 3.7Mb
Flavors: r-devel-linux-x86_64-fedora-clang, r-release-macos-arm64