Last updated on 2023-10-01 12:58:47 CEST.
Flavor | Version | Tinstall | Tcheck | Ttotal | Status | Flags |
---|---|---|---|---|---|---|
r-devel-linux-x86_64-debian-clang | 1.4-1 | 15.66 | 166.66 | 182.32 | OK | |
r-devel-linux-x86_64-debian-gcc | 1.4-1 | 14.96 | 123.49 | 138.45 | OK | |
r-devel-linux-x86_64-fedora-clang | 1.4-1 | 225.81 | NOTE | |||
r-devel-linux-x86_64-fedora-gcc | 1.4-1 | 233.48 | OK | |||
r-devel-windows-x86_64 | 1.4-1 | 24.00 | 149.00 | 173.00 | OK | |
r-patched-linux-x86_64 | 1.4-1 | 26.27 | 158.30 | 184.57 | OK | |
r-release-linux-x86_64 | 1.4-1 | 19.34 | 161.87 | 181.21 | OK | |
r-release-macos-arm64 | 1.4-1 | 66.00 | NOTE | |||
r-release-macos-x86_64 | 1.4-1 | 121.00 | NOTE | |||
r-release-windows-x86_64 | 1.4-1 | 26.00 | 177.00 | 203.00 | OK | |
r-oldrel-macos-arm64 | 1.4-1 | 58.00 | NOTE | |||
r-oldrel-macos-x86_64 | 1.4-1 | 82.00 | OK | |||
r-oldrel-windows-x86_64 | 1.4-1 | 28.00 | 183.00 | 211.00 | OK |
Version: 1.4-1
Check: installed package size
Result: NOTE
installed size is 5.0Mb
sub-directories of 1Mb or more:
data 3.7Mb
Flavors: r-devel-linux-x86_64-fedora-clang, r-release-macos-arm64, r-release-macos-x86_64, r-oldrel-macos-arm64