CRAN Package Check Results for Package qpmadr

Last updated on 2023-03-31 16:53:57 CEST.

Flavor Version Tinstall Tcheck Ttotal Status Flags
r-devel-linux-x86_64-debian-clang 1.1.0-0 35.35 29.38 64.73 NOTE
r-devel-linux-x86_64-debian-gcc 1.1.0-0 27.98 24.43 52.41 NOTE
r-devel-linux-x86_64-fedora-clang 1.1.0-0 95.40 NOTE
r-devel-linux-x86_64-fedora-gcc 1.1.0-0 86.54 NOTE
r-devel-windows-x86_64 1.1.0-0 46.00 0.00 46.00 NOTE
r-patched-linux-x86_64 1.1.0-0 31.97 31.12 63.09 NOTE
r-release-linux-x86_64 1.1.0-0 30.28 30.83 61.11 OK
r-release-macos-arm64 1.1.0-0 30.00 NOTE
r-release-macos-x86_64 1.1.0-0 37.00 NOTE
r-release-windows-x86_64 1.1.0-0 40.00 83.00 123.00 OK
r-oldrel-macos-arm64 1.1.0-0 39.00 NOTE
r-oldrel-macos-x86_64 1.1.0-0 36.00 NOTE
r-oldrel-windows-ix86+x86_64 1.1.0-0 90.00 81.00 171.00 OK

Check Details

Version: 1.1.0-0
Check: C++ specification
Result: NOTE
     Specified C++11: please drop specification unless essential
Flavors: r-devel-linux-x86_64-debian-clang, r-devel-linux-x86_64-debian-gcc, r-devel-linux-x86_64-fedora-clang, r-devel-linux-x86_64-fedora-gcc, r-devel-windows-x86_64, r-patched-linux-x86_64

Version: 1.1.0-0
Check: installed package size
Result: NOTE
     installed size is 8.7Mb
     sub-directories of 1Mb or more:
     libs 8.5Mb
Flavors: r-release-macos-arm64, r-release-macos-x86_64, r-oldrel-macos-arm64, r-oldrel-macos-x86_64