CRAN Package Check Results for Package qst

Last updated on 2024-02-29 00:55:50 CET.

Flavor Version Tinstall Tcheck Ttotal Status Flags
r-devel-linux-x86_64-debian-clang 0.1.2 5.82 50.80 56.62 NOTE
r-devel-linux-x86_64-debian-gcc 0.1.2 5.07 39.56 44.63 NOTE
r-devel-linux-x86_64-fedora-clang 0.1.2 72.44 NOTE
r-devel-linux-x86_64-fedora-gcc 0.1.2 67.29 NOTE
r-devel-windows-x86_64 0.1.2 6.00 57.00 63.00 NOTE
r-patched-linux-x86_64 0.1.2 4.38 49.06 53.44 NOTE
r-release-linux-x86_64 0.1.2 4.00 49.73 53.73 NOTE
r-release-macos-arm64 0.1.2 26.00 NOTE
r-release-macos-x86_64 0.1.2 40.00 NOTE
r-release-windows-x86_64 0.1.2 9.00 62.00 71.00 NOTE
r-oldrel-macos-arm64 0.1.2 23.00 NOTE
r-oldrel-windows-x86_64 0.1.2 8.00 70.00 78.00 NOTE

Check Details

Version: 0.1.2
Check: LazyData
Result: NOTE 'LazyData' is specified without a 'data' directory Flavors: r-devel-linux-x86_64-debian-clang, r-devel-linux-x86_64-debian-gcc, r-devel-linux-x86_64-fedora-clang, r-devel-linux-x86_64-fedora-gcc, r-devel-windows-x86_64, r-patched-linux-x86_64, r-release-linux-x86_64, r-release-macos-arm64, r-release-macos-x86_64, r-release-windows-x86_64, r-oldrel-macos-arm64, r-oldrel-windows-x86_64