CRAN Package Check Results for Package quantification

Last updated on 2021-09-22 13:52:58 CEST.

Flavor Version Tinstall Tcheck Ttotal Status Flags
r-devel-linux-x86_64-debian-clang 0.2.0 6.11 49.36 55.47 OK
r-devel-linux-x86_64-debian-gcc 0.2.0 4.67 37.04 41.71 OK
r-devel-linux-x86_64-fedora-clang 0.2.0 75.04 OK
r-devel-linux-x86_64-fedora-gcc 0.2.0 62.46 OK
r-devel-windows-x86_64 0.2.0 8.00 52.00 60.00 OK
r-devel-windows-x86_64-gcc10-UCRT 0.2.0 ERROR
r-patched-linux-x86_64 0.2.0 6.04 45.46 51.50 OK
r-patched-solaris-x86 0.2.0 99.50 OK
r-release-linux-x86_64 0.2.0 5.48 45.50 50.98 OK
r-release-macos-arm64 0.2.0 OK
r-release-macos-x86_64 0.2.0 OK
r-release-windows-ix86+x86_64 0.2.0 14.00 50.00 64.00 OK
r-oldrel-macos-x86_64 0.2.0 OK
r-oldrel-windows-ix86+x86_64 0.2.0 12.00 51.00 63.00 OK

Check Details

Version: 0.2.0
Check: PDF version of manual
Result: WARN
    LaTeX errors when creating PDF version.
    This typically indicates Rd problems.
Flavor: r-devel-windows-x86_64-gcc10-UCRT

Version: 0.2.0
Check: PDF version of manual without hyperrefs or index
Result: ERROR
    Re-running with no redirection of stdout/stderr.
Flavor: r-devel-windows-x86_64-gcc10-UCRT