Last updated on 2023-12-10 04:00:06 CET.
Flavor | Version | Tinstall | Tcheck | Ttotal | Status | Flags |
---|---|---|---|---|---|---|
r-devel-linux-x86_64-debian-clang | 0.4.25 | 16.93 | 105.26 | 122.19 | NOTE | |
r-devel-linux-x86_64-debian-gcc | 0.4.25 | 13.21 | 77.89 | 91.10 | NOTE | |
r-devel-linux-x86_64-fedora-clang | 0.4.25 | 151.26 | OK | |||
r-devel-linux-x86_64-fedora-gcc | 0.4.25 | 145.48 | OK | |||
r-devel-windows-x86_64 | 0.4.25 | 16.00 | 105.00 | 121.00 | OK | |
r-patched-linux-x86_64 | 0.4.25 | 19.10 | 103.88 | 122.98 | NOTE | |
r-release-linux-x86_64 | 0.4.25 | 18.39 | 101.15 | 119.54 | NOTE | |
r-release-macos-arm64 | 0.4.25 | 42.00 | OK | |||
r-release-macos-x86_64 | 0.4.25 | 84.00 | OK | |||
r-release-windows-x86_64 | 0.4.25 | 21.00 | 121.00 | 142.00 | OK | |
r-oldrel-macos-arm64 | 0.4.25 | 37.00 | OK | |||
r-oldrel-macos-x86_64 | 0.4.25 | 57.00 | OK | |||
r-oldrel-windows-x86_64 | 0.4.25 | 22.00 | 119.00 | 141.00 | OK |
Version: 0.4.25
Check: R code for possible problems
Result: NOTE
Found the following calls to attach():
File ‘quantmod/R/attachSymbols.R’:
attach(NULL, pos = pos, name = DB$name)
attach(NULL, pos = pos, name = DB$name)
See section ‘Good practice’ in ‘?attach’.
Flavors: r-devel-linux-x86_64-debian-clang, r-devel-linux-x86_64-debian-gcc, r-patched-linux-x86_64, r-release-linux-x86_64
Version: 0.4.25
Check: Rd files
Result: NOTE
checkRd: (-1) TA.Rd:41: Lost braces in \itemize; meant \describe ?
checkRd: (-1) TA.Rd:42: Lost braces in \itemize; meant \describe ?
checkRd: (-1) TA.Rd:43: Lost braces in \itemize; meant \describe ?
checkRd: (-1) TA.Rd:44: Lost braces in \itemize; meant \describe ?
checkRd: (-1) TA.Rd:49: Lost braces in \itemize; meant \describe ?
checkRd: (-1) TA.Rd:50: Lost braces in \itemize; meant \describe ?
checkRd: (-1) TA.Rd:51: Lost braces in \itemize; meant \describe ?
checkRd: (-1) TA.Rd:52: Lost braces in \itemize; meant \describe ?
checkRd: (-1) TA.Rd:53: Lost braces in \itemize; meant \describe ?
checkRd: (-1) TA.Rd:54: Lost braces in \itemize; meant \describe ?
checkRd: (-1) TA.Rd:55: Lost braces in \itemize; meant \describe ?
checkRd: (-1) TA.Rd:56: Lost braces in \itemize; meant \describe ?
checkRd: (-1) TA.Rd:57: Lost braces in \itemize; meant \describe ?
checkRd: (-1) TA.Rd:58: Lost braces in \itemize; meant \describe ?
checkRd: (-1) TA.Rd:59: Lost braces in \itemize; meant \describe ?
checkRd: (-1) TA.Rd:60: Lost braces in \itemize; meant \describe ?
checkRd: (-1) TA.Rd:61: Lost braces in \itemize; meant \describe ?
checkRd: (-1) TA.Rd:62: Lost braces in \itemize; meant \describe ?
checkRd: (-1) TA.Rd:63: Lost braces in \itemize; meant \describe ?
checkRd: (-1) TA.Rd:64: Lost braces in \itemize; meant \describe ?
checkRd: (-1) TA.Rd:65: Lost braces in \itemize; meant \describe ?
checkRd: (-1) TA.Rd:66: Lost braces in \itemize; meant \describe ?
checkRd: (-1) TA.Rd:67: Lost braces in \itemize; meant \describe ?
checkRd: (-1) TA.Rd:68: Lost braces in \itemize; meant \describe ?
checkRd: (-1) TA.Rd:69: Lost braces in \itemize; meant \describe ?
checkRd: (-1) TA.Rd:70: Lost braces in \itemize; meant \describe ?
checkRd: (-1) TA.Rd:71: Lost braces in \itemize; meant \describe ?
checkRd: (-1) TA.Rd:72: Lost braces in \itemize; meant \describe ?
checkRd: (-1) TA.Rd:73: Lost braces in \itemize; meant \describe ?
checkRd: (-1) TA.Rd:74: Lost braces in \itemize; meant \describe ?
checkRd: (-1) TA.Rd:75: Lost braces in \itemize; meant \describe ?
checkRd: (-1) TA.Rd:76: Lost braces in \itemize; meant \describe ?
checkRd: (-1) TA.Rd:77: Lost braces in \itemize; meant \describe ?
checkRd: (-1) TA.Rd:78: Lost braces in \itemize; meant \describe ?
checkRd: (-1) TA.Rd:79: Lost braces in \itemize; meant \describe ?
checkRd: (-1) TA.Rd:80: Lost braces in \itemize; meant \describe ?
checkRd: (-1) TA.Rd:81: Lost braces in \itemize; meant \describe ?
checkRd: (-1) TA.Rd:82: Lost braces in \itemize; meant \describe ?
checkRd: (-1) TA.Rd:83: Lost braces in \itemize; meant \describe ?
checkRd: (-1) TA.Rd:84: Lost braces in \itemize; meant \describe ?
checkRd: (-1) TA.Rd:85: Lost braces in \itemize; meant \describe ?
checkRd: (-1) chartSeries.Rd:112: Lost braces in \itemize; meant \describe ?
checkRd: (-1) chartSeries.Rd:113: Lost braces in \itemize; meant \describe ?
checkRd: (-1) chartSeries.Rd:114: Lost braces in \itemize; meant \describe ?
checkRd: (-1) chartSeries.Rd:115: Lost braces in \itemize; meant \describe ?
checkRd: (-1) chartTheme.Rd:37: Lost braces in \itemize; meant \describe ?
checkRd: (-1) chartTheme.Rd:38: Lost braces in \itemize; meant \describe ?
checkRd: (-1) chartTheme.Rd:39: Lost braces in \itemize; meant \describe ?
checkRd: (-1) chartTheme.Rd:40: Lost braces in \itemize; meant \describe ?
checkRd: (-1) chartTheme.Rd:41: Lost braces in \itemize; meant \describe ?
checkRd: (-1) chartTheme.Rd:42: Lost braces in \itemize; meant \describe ?
checkRd: (-1) chartTheme.Rd:43: Lost braces in \itemize; meant \describe ?
checkRd: (-1) chartTheme.Rd:44: Lost braces in \itemize; meant \describe ?
checkRd: (-1) chartTheme.Rd:45: Lost braces in \itemize; meant \describe ?
checkRd: (-1) chartTheme.Rd:46: Lost braces in \itemize; meant \describe ?
checkRd: (-1) chartTheme.Rd:47: Lost braces in \itemize; meant \describe ?
checkRd: (-1) chartTheme.Rd:48: Lost braces in \itemize; meant \describe ?
checkRd: (-1) chartTheme.Rd:49: Lost braces in \itemize; meant \describe ?
checkRd: (-1) chartTheme.Rd:50: Lost braces in \itemize; meant \describe ?
checkRd: (-1) chartTheme.Rd:51: Lost braces in \itemize; meant \describe ?
checkRd: (-1) chartTheme.Rd:52: Lost braces in \itemize; meant \describe ?
checkRd: (-1) chartTheme.Rd:53: Lost braces in \itemize; meant \describe ?
checkRd: (-1) chartTheme.Rd:54: Lost braces in \itemize; meant \describe ?
Flavors: r-devel-linux-x86_64-debian-clang, r-devel-linux-x86_64-debian-gcc