CRAN Package Check Results for Package questionr

Last updated on 2021-09-23 00:48:58 CEST.

Flavor Version Tinstall Tcheck Ttotal Status Flags
r-devel-linux-x86_64-debian-clang 0.7.4 10.65 83.74 94.39 OK
r-devel-linux-x86_64-debian-gcc 0.7.4 7.69 61.73 69.42 OK
r-devel-linux-x86_64-fedora-clang 0.7.4 119.33 NOTE
r-devel-linux-x86_64-fedora-gcc 0.7.4 104.98 NOTE
r-devel-windows-x86_64 0.7.4 11.00 88.00 99.00 OK
r-devel-windows-x86_64-gcc10-UCRT 0.7.4 ERROR
r-patched-linux-x86_64 0.7.4 8.76 78.01 86.77 OK
r-patched-solaris-x86 0.7.4 148.90 NOTE
r-release-linux-x86_64 0.7.4 8.67 78.20 86.87 OK
r-release-macos-arm64 0.7.4 NOTE
r-release-macos-x86_64 0.7.4 NOTE
r-release-windows-ix86+x86_64 0.7.4 20.00 91.00 111.00 OK
r-oldrel-macos-x86_64 0.7.4 NOTE
r-oldrel-windows-ix86+x86_64 0.7.4 16.00 89.00 105.00 OK

Check Details

Version: 0.7.4
Check: data for non-ASCII characters
Result: NOTE
     Note: found 4145 marked UTF-8 strings
Flavors: r-devel-linux-x86_64-fedora-clang, r-devel-linux-x86_64-fedora-gcc, r-devel-windows-x86_64-gcc10-UCRT, r-patched-solaris-x86, r-release-macos-arm64, r-release-macos-x86_64, r-oldrel-macos-x86_64

Version: 0.7.4
Check: package dependencies
Result: NOTE
    Packages suggested but not available for checking: 'roxygen2', 'Hmisc'
Flavor: r-devel-windows-x86_64-gcc10-UCRT

Version: 0.7.4
Check: Rd cross-references
Result: NOTE
    Package unavailable to check Rd xrefs: 'Hmisc'
Flavor: r-devel-windows-x86_64-gcc10-UCRT

Version: 0.7.4
Check: PDF version of manual
Result: WARN
    LaTeX errors when creating PDF version.
    This typically indicates Rd problems.
Flavor: r-devel-windows-x86_64-gcc10-UCRT

Version: 0.7.4
Check: PDF version of manual without hyperrefs or index
Result: ERROR
    Re-running with no redirection of stdout/stderr.
Flavor: r-devel-windows-x86_64-gcc10-UCRT