CRAN Package Check Results for Package quickPlot

Last updated on 2021-12-04 16:50:28 CET.

Flavor Version Tinstall Tcheck Ttotal Status Flags
r-devel-linux-x86_64-debian-clang 0.1.6 34.41 340.19 374.60 NOTE
r-devel-linux-x86_64-debian-gcc 0.1.6 30.62 260.44 291.06 NOTE
r-devel-linux-x86_64-fedora-clang 0.1.6 450.21 NOTE
r-devel-linux-x86_64-fedora-gcc 0.1.6 440.89 NOTE
r-devel-windows-x86_64-new-UL 0.1.6 65.00 387.00 452.00 NOTE
r-devel-windows-x86_64-new-TK 0.1.6 NOTE
r-devel-windows-x86_64-old 0.1.6 57.00 280.00 337.00 NOTE
r-patched-linux-x86_64 0.1.6 36.13 315.54 351.67 NOTE
r-release-linux-x86_64 0.1.6 32.85 316.01 348.86 NOTE
r-release-macos-arm64 0.1.6 NOTE
r-release-macos-x86_64 0.1.6 NOTE
r-release-windows-ix86+x86_64 0.1.6 81.00 365.00 446.00 NOTE
r-oldrel-macos-x86_64 0.1.6 NOTE
r-oldrel-windows-ix86+x86_64 0.1.6 85.00 393.00 478.00 NOTE

Check Details

Version: 0.1.6
Check: package dependencies
Result: NOTE
    Package suggested but not available for checking: 'fastshp'
Flavors: r-devel-linux-x86_64-debian-clang, r-devel-linux-x86_64-debian-gcc, r-devel-linux-x86_64-fedora-clang, r-devel-linux-x86_64-fedora-gcc, r-devel-windows-x86_64-new-UL, r-devel-windows-x86_64-new-TK, r-devel-windows-x86_64-old, r-patched-linux-x86_64, r-release-linux-x86_64, r-release-macos-arm64, r-release-macos-x86_64, r-release-windows-ix86+x86_64, r-oldrel-macos-x86_64, r-oldrel-windows-ix86+x86_64