Last updated on 2023-03-21 11:53:58 CET.
Flavor | Version | Tinstall | Tcheck | Ttotal | Status | Flags |
---|---|---|---|---|---|---|
r-devel-linux-x86_64-debian-clang | 0.5.2 | 40.37 | 110.78 | 151.15 | NOTE | |
r-devel-linux-x86_64-debian-gcc | 0.5.2 | 30.22 | 83.41 | 113.63 | NOTE | |
r-devel-linux-x86_64-fedora-clang | 0.5.2 | 205.71 | NOTE | |||
r-devel-linux-x86_64-fedora-gcc | 0.5.2 | 192.27 | NOTE | |||
r-patched-linux-x86_64 | 0.5.2 | 33.64 | 106.47 | 140.11 | OK | |
r-release-linux-x86_64 | 0.5.2 | 33.74 | 106.63 | 140.37 | OK | |
r-release-macos-arm64 | 0.5.2 | 67.00 | OK | |||
r-release-macos-x86_64 | 0.5.2 | 113.00 | OK | |||
r-release-windows-x86_64 | 0.5.2 | 72.00 | 173.00 | 245.00 | OK | |
r-oldrel-macos-arm64 | 0.5.2 | 89.00 | OK | |||
r-oldrel-macos-x86_64 | 0.5.2 | 92.00 | OK | |||
r-oldrel-windows-ix86+x86_64 | 0.5.2 | 96.00 | 189.00 | 285.00 | OK |
Version: 0.5.2
Check: Rd files
Result: NOTE
checkRd: (-1) qwraps2.Rd:73: Escaped LaTeX specials: \&
Flavors: r-devel-linux-x86_64-debian-clang, r-devel-linux-x86_64-debian-gcc, r-devel-linux-x86_64-fedora-clang, r-devel-linux-x86_64-fedora-gcc