CRAN Package Check Results for Package r2dictionary

Last updated on 2022-01-22 07:52:53 CET.

Flavor Version Tinstall Tcheck Ttotal Status Flags
r-devel-linux-x86_64-debian-clang 0.1 4.38 66.25 70.63 NOTE
r-devel-linux-x86_64-debian-gcc 0.1 4.93 69.63 74.56 NOTE
r-devel-linux-x86_64-fedora-clang 0.1 115.44 NOTE
r-devel-linux-x86_64-fedora-gcc 0.1 99.73 NOTE
r-devel-windows-x86_64-new-UL 0.1 30.00 127.00 157.00 NOTE
r-devel-windows-x86_64-new-TK 0.1 NOTE
r-patched-linux-x86_64 0.1 6.24 81.55 87.79 NOTE
r-release-linux-x86_64 0.1 5.48 83.27 88.75 NOTE
r-release-macos-arm64 0.1 NOTE
r-release-macos-x86_64 0.1 NOTE
r-release-windows-ix86+x86_64 0.1 13.00 79.00 92.00 NOTE
r-oldrel-macos-x86_64 0.1 NOTE
r-oldrel-windows-ix86+x86_64 0.1 12.00 78.00 90.00 OK

Check Details

Version: 0.1
Check: LazyData
Result: NOTE
     'LazyData' is specified without a 'data' directory
Flavors: r-devel-linux-x86_64-debian-clang, r-devel-linux-x86_64-debian-gcc, r-devel-linux-x86_64-fedora-clang, r-devel-linux-x86_64-fedora-gcc, r-devel-windows-x86_64-new-UL, r-devel-windows-x86_64-new-TK, r-patched-linux-x86_64, r-release-linux-x86_64, r-release-macos-arm64, r-release-macos-x86_64, r-release-windows-ix86+x86_64

Version: 0.1
Check: installed package size
Result: NOTE
     installed size is 5.0Mb
Flavor: r-devel-linux-x86_64-fedora-clang

Version: 0.1
Check: dependencies in R code
Result: NOTE
    Namespace in Imports field not imported from: ‘utils’
     All declared Imports should be used.
Flavors: r-devel-linux-x86_64-fedora-clang, r-devel-linux-x86_64-fedora-gcc, r-devel-windows-x86_64-new-TK, r-release-macos-arm64, r-release-macos-x86_64, r-oldrel-macos-x86_64