CRAN Package Check Results for Package r2pmml

Last updated on 2024-06-12 20:59:10 CEST.

Flavor Version Tinstall Tcheck Ttotal Status Flags
r-devel-linux-x86_64-debian-clang 0.27.1 3.67 28.26 31.93 OK
r-devel-linux-x86_64-debian-gcc 0.27.1 2.45 21.30 23.75 NOTE
r-devel-linux-x86_64-fedora-clang 0.27.1 38.09 NOTE
r-devel-linux-x86_64-fedora-gcc 0.27.1 36.48 OK
r-devel-windows-x86_64 0.27.1 5.00 46.00 51.00 NOTE
r-patched-linux-x86_64 0.27.1 4.16 27.60 31.76 OK
r-release-linux-x86_64 0.27.1 3.63 26.67 30.30 OK
r-release-macos-arm64 0.27.1 17.00 NOTE
r-release-macos-x86_64 0.27.1 25.00 NOTE
r-release-windows-x86_64 0.27.1 4.00 47.00 51.00 NOTE
r-oldrel-macos-arm64 0.27.1 17.00 NOTE
r-oldrel-macos-x86_64 0.27.1 24.00 NOTE
r-oldrel-windows-x86_64 0.27.1 4.00 47.00 51.00 NOTE

Check Details

Version: 0.27.1
Check: package dependencies
Result: NOTE Packages suggested but not available for checking: 'caret', 'mlr' Flavor: r-devel-linux-x86_64-debian-gcc

Version: 0.27.1
Check: installed package size
Result: NOTE installed size is 5.1Mb sub-directories of 1Mb or more: java 5.0Mb Flavors: r-devel-linux-x86_64-fedora-clang, r-devel-windows-x86_64, r-release-macos-arm64, r-release-macos-x86_64, r-release-windows-x86_64, r-oldrel-macos-arm64, r-oldrel-macos-x86_64, r-oldrel-windows-x86_64

Version: 0.27.1
Check: package dependencies
Result: NOTE Packages suggested but not available for checking: 'caret', 'xgboost' Flavor: r-oldrel-macos-x86_64