Last updated on 2023-05-28 20:57:54 CEST.
Flavor | Version | Tinstall | Tcheck | Ttotal | Status | Flags |
---|---|---|---|---|---|---|
r-devel-linux-x86_64-debian-clang | 0.27.1 | 3.22 | 26.93 | 30.15 | OK | |
r-devel-linux-x86_64-debian-gcc | 0.27.1 | 2.36 | 21.88 | 24.24 | OK | |
r-devel-linux-x86_64-fedora-clang | 0.27.1 | 37.46 | NOTE | |||
r-devel-linux-x86_64-fedora-gcc | 0.27.1 | 35.55 | OK | |||
r-devel-windows-x86_64 | 0.27.1 | 3.00 | 46.00 | 49.00 | NOTE | |
r-patched-linux-x86_64 | 0.27.1 | 3.06 | 26.65 | 29.71 | OK | |
r-release-linux-x86_64 | 0.27.1 | 2.61 | 26.54 | 29.15 | OK | |
r-release-macos-arm64 | 0.27.1 | 17.00 | NOTE | |||
r-release-macos-x86_64 | 0.27.1 | 24.00 | NOTE | |||
r-release-windows-x86_64 | 0.27.1 | 4.00 | 46.00 | 50.00 | NOTE | |
r-oldrel-macos-arm64 | 0.27.1 | 16.00 | NOTE | |||
r-oldrel-macos-x86_64 | 0.27.1 | 25.00 | NOTE | |||
r-oldrel-windows-x86_64 | 0.27.1 | 4.00 | 48.00 | 52.00 | NOTE |
Version: 0.27.1
Check: installed package size
Result: NOTE
installed size is 5.1Mb
sub-directories of 1Mb or more:
java 5.0Mb
Flavors: r-devel-linux-x86_64-fedora-clang, r-devel-windows-x86_64, r-release-macos-arm64, r-release-macos-x86_64, r-release-windows-x86_64, r-oldrel-macos-arm64, r-oldrel-macos-x86_64, r-oldrel-windows-x86_64
Version: 0.27.1
Check: package dependencies
Result: NOTE
Packages suggested but not available for checking: 'caret', 'xgboost'
Flavor: r-release-macos-x86_64