CRAN Package Check Results for Package r6extended

Last updated on 2023-10-01 12:58:47 CEST.

Flavor Version Tinstall Tcheck Ttotal Status Flags
r-devel-linux-x86_64-debian-clang 0.1.2 1.96 22.41 24.37 NOTE
r-devel-linux-x86_64-debian-gcc 0.1.2 2.27 18.04 20.31 NOTE
r-devel-linux-x86_64-fedora-clang 0.1.2 32.19 NOTE
r-devel-linux-x86_64-fedora-gcc 0.1.2 30.78 NOTE
r-devel-windows-x86_64 0.1.2 3.00 41.00 44.00 NOTE
r-patched-linux-x86_64 0.1.2 5.06 22.51 27.57 NOTE
r-release-linux-x86_64 0.1.2 2.74 22.14 24.88 NOTE
r-release-macos-arm64 0.1.2 17.00 NOTE
r-release-macos-x86_64 0.1.2 22.00 NOTE
r-release-windows-x86_64 0.1.2 5.00 39.00 44.00 NOTE
r-oldrel-macos-arm64 0.1.2 15.00 NOTE
r-oldrel-macos-x86_64 0.1.2 22.00 NOTE
r-oldrel-windows-x86_64 0.1.2 6.00 42.00 48.00 NOTE

Check Details

Version: 0.1.2
Check: LazyData
Result: NOTE
     'LazyData' is specified without a 'data' directory
Flavors: r-devel-linux-x86_64-debian-clang, r-devel-linux-x86_64-debian-gcc, r-devel-linux-x86_64-fedora-clang, r-devel-linux-x86_64-fedora-gcc, r-devel-windows-x86_64, r-patched-linux-x86_64, r-release-linux-x86_64, r-release-macos-arm64, r-release-macos-x86_64, r-release-windows-x86_64, r-oldrel-macos-arm64, r-oldrel-macos-x86_64, r-oldrel-windows-x86_64