Last updated on 2023-03-27 20:52:25 CEST.
Flavor | Version | Tinstall | Tcheck | Ttotal | Status | Flags |
---|---|---|---|---|---|---|
r-devel-linux-x86_64-debian-clang | 0.1.1 | 32.73 | 28.49 | 61.22 | NOTE | |
r-devel-linux-x86_64-debian-gcc | 0.1.1 | 23.34 | 22.73 | 46.07 | NOTE | |
r-devel-linux-x86_64-fedora-clang | 0.1.1 | 83.44 | NOTE | |||
r-devel-linux-x86_64-fedora-gcc | 0.1.1 | 76.60 | NOTE | |||
r-patched-linux-x86_64 | 0.1.1 | 27.10 | 28.09 | 55.19 | NOTE | |
r-release-linux-x86_64 | 0.1.1 | 25.39 | 29.55 | 54.94 | NOTE | |
r-release-macos-arm64 | 0.1.1 | 26.00 | NOTE | |||
r-release-macos-x86_64 | 0.1.1 | 34.00 | NOTE | |||
r-release-windows-x86_64 | 0.1.1 | 30.00 | 86.00 | 116.00 | NOTE | |
r-oldrel-macos-arm64 | 0.1.1 | 31.00 | NOTE | |||
r-oldrel-macos-x86_64 | 0.1.1 | 43.00 | NOTE | |||
r-oldrel-windows-ix86+x86_64 | 0.1.1 | 71.00 | 81.00 | 152.00 | NOTE |
Version: 0.1.1
Check: LazyData
Result: NOTE
'LazyData' is specified without a 'data' directory
Flavors: r-devel-linux-x86_64-debian-clang, r-devel-linux-x86_64-debian-gcc, r-devel-linux-x86_64-fedora-clang, r-devel-linux-x86_64-fedora-gcc, r-patched-linux-x86_64, r-release-linux-x86_64, r-release-macos-arm64, r-release-macos-x86_64, r-release-windows-x86_64, r-oldrel-macos-arm64, r-oldrel-macos-x86_64, r-oldrel-windows-ix86+x86_64