Last updated on 2023-03-28 12:54:51 CEST.
Flavor | Version | Tinstall | Tcheck | Ttotal | Status | Flags |
---|---|---|---|---|---|---|
r-devel-linux-x86_64-debian-clang | 0.0.2 | 54.39 | 28.28 | 82.67 | OK | |
r-devel-linux-x86_64-debian-gcc | 0.0.2 | 40.14 | 23.55 | 63.69 | OK | |
r-devel-linux-x86_64-fedora-clang | 0.0.2 | 116.84 | WARN | |||
r-devel-linux-x86_64-fedora-gcc | 0.0.2 | 103.21 | OK | |||
r-patched-linux-x86_64 | 0.0.2 | 44.83 | 29.05 | 73.88 | OK | |
r-release-linux-x86_64 | 0.0.2 | 45.17 | 30.29 | 75.46 | OK | |
r-release-macos-arm64 | 0.0.2 | 29.00 | NOTE | |||
r-release-macos-x86_64 | 0.0.2 | 43.00 | NOTE | |||
r-release-windows-x86_64 | 0.0.2 | 1213.00 | 93.00 | 1306.00 | OK | |
r-oldrel-macos-arm64 | 0.0.2 | 34.00 | NOTE | |||
r-oldrel-macos-x86_64 | 0.0.2 | 47.00 | NOTE | |||
r-oldrel-windows-ix86+x86_64 | 0.0.2 | 113.00 | 79.00 | 192.00 | OK |
Version: 0.0.2
Check: whether package can be installed
Result: WARN
Found the following significant warnings:
./deps/eigen-3.3.9/Eigen/src/Core/util/Meta.h:320:25: warning: 'result_of<Eigen::internal::scalar_product_op<float> (const float &, const float &)>' is deprecated [-Wdeprecated-declarations]
./deps/eigen-3.3.9/Eigen/src/Core/util/Meta.h:320:25: warning: 'result_of<Eigen::internal::scalar_abs_op<float> (const float &)>' is deprecated [-Wdeprecated-declarations]
./deps/eigen-3.3.9/Eigen/src/Core/util/Meta.h:320:25: warning: 'result_of<Eigen::internal::scalar_score_coeff_op<float> (const float &)>' is deprecated [-Wdeprecated-declarations]
See ‘/data/gannet/ripley/R/packages/tests-clang/rDppDiversity.Rcheck/00install.out’ for details.
* used C++ compiler: ‘clang version 16.0.0’
Flavor: r-devel-linux-x86_64-fedora-clang
Version: 0.0.2
Check: installed package size
Result: NOTE
installed size is 6.8Mb
sub-directories of 1Mb or more:
libs 6.7Mb
Flavors: r-release-macos-arm64, r-release-macos-x86_64, r-oldrel-macos-arm64, r-oldrel-macos-x86_64