CRAN Package Check Results for Package rTRNG

Last updated on 2022-01-20 23:52:28 CET.

Flavor Version Tinstall Tcheck Ttotal Status Flags
r-devel-linux-x86_64-debian-clang 4.23.1-1 NOTE
r-devel-linux-x86_64-debian-gcc 4.23.1-1 113.29 134.02 247.31 NOTE
r-devel-linux-x86_64-fedora-clang 4.23.1-1 463.62 NOTE
r-devel-linux-x86_64-fedora-gcc 4.23.1-1 427.21 NOTE
r-devel-windows-x86_64-new-UL 4.23.1-1 196.00 283.00 479.00 NOTE
r-devel-windows-x86_64-new-TK 4.23.1-1 NOTE
r-patched-linux-x86_64 4.23.1-1 136.91 190.85 327.76 NOTE
r-release-linux-x86_64 4.23.1-1 134.93 188.34 323.27 NOTE
r-release-macos-arm64 4.23.1-1 NOTE
r-release-macos-x86_64 4.23.1-1 NOTE
r-release-windows-ix86+x86_64 4.23.1-1 337.00 324.00 661.00 NOTE
r-oldrel-macos-x86_64 4.23.1-1 NOTE
r-oldrel-windows-ix86+x86_64 4.23.1-1 339.00 332.00 671.00 NOTE

Check Details

Version: 4.23.1-1
Check: LazyData
Result: NOTE
     'LazyData' is specified without a 'data' directory
Flavors: r-devel-linux-x86_64-debian-clang, r-devel-linux-x86_64-debian-gcc, r-devel-linux-x86_64-fedora-clang, r-devel-linux-x86_64-fedora-gcc, r-devel-windows-x86_64-new-UL, r-devel-windows-x86_64-new-TK, r-patched-linux-x86_64, r-release-linux-x86_64, r-release-macos-arm64, r-release-macos-x86_64, r-release-windows-ix86+x86_64

Version: 4.23.1-1
Check: for GNU extensions in Makefiles
Result: NOTE
    GNU make is a SystemRequirements.
Flavors: r-devel-linux-x86_64-debian-clang, r-devel-linux-x86_64-debian-gcc, r-devel-linux-x86_64-fedora-clang, r-devel-linux-x86_64-fedora-gcc, r-devel-windows-x86_64-new-UL, r-devel-windows-x86_64-new-TK, r-patched-linux-x86_64, r-release-linux-x86_64, r-release-macos-arm64, r-release-macos-x86_64, r-release-windows-ix86+x86_64, r-oldrel-macos-x86_64, r-oldrel-windows-ix86+x86_64

Version: 4.23.1-1
Check: installed package size
Result: NOTE
     installed size is 26.4Mb
     sub-directories of 1Mb or more:
     doc 7.8Mb
     libs 17.6Mb
Flavors: r-devel-linux-x86_64-fedora-clang, r-devel-windows-x86_64-new-UL, r-release-macos-arm64, r-release-macos-x86_64, r-release-windows-ix86+x86_64, r-oldrel-macos-x86_64, r-oldrel-windows-ix86+x86_64