Last updated on 2023-09-25 01:03:44 CEST.
Flavor | Version | Tinstall | Tcheck | Ttotal | Status | Flags |
---|---|---|---|---|---|---|
r-devel-linux-x86_64-debian-clang | 1.0.2 | 4.86 | 54.18 | 59.04 | NOTE | |
r-devel-linux-x86_64-debian-gcc | 1.0.2 | 3.89 | 57.32 | 61.21 | NOTE | |
r-devel-linux-x86_64-fedora-clang | 1.0.2 | 65.73 | NOTE | |||
r-devel-linux-x86_64-fedora-gcc | 1.0.2 | 81.70 | NOTE | |||
r-devel-windows-x86_64 | 1.0.2 | 7.00 | 58.00 | 65.00 | NOTE | |
r-patched-linux-x86_64 | 1.0.2 | 4.85 | 60.26 | 65.11 | NOTE | |
r-release-linux-x86_64 | 1.0.2 | 5.03 | 48.88 | 53.91 | NOTE | |
r-release-macos-arm64 | 1.0.2 | 30.00 | NOTE | |||
r-release-macos-x86_64 | 1.0.2 | 46.00 | NOTE | |||
r-release-windows-x86_64 | 1.0.2 | 7.00 | 61.00 | 68.00 | NOTE | |
r-oldrel-macos-arm64 | 1.0.2 | 24.00 | NOTE | |||
r-oldrel-macos-x86_64 | 1.0.2 | 41.00 | NOTE | |||
r-oldrel-windows-x86_64 | 1.0.2 | 7.00 | 71.00 | 78.00 | NOTE |
Version: 1.0.2
Check: LazyData
Result: NOTE
'LazyData' is specified without a 'data' directory
Flavors: r-devel-linux-x86_64-debian-clang, r-devel-linux-x86_64-debian-gcc, r-devel-linux-x86_64-fedora-clang, r-devel-linux-x86_64-fedora-gcc, r-devel-windows-x86_64, r-patched-linux-x86_64, r-release-linux-x86_64, r-release-macos-arm64, r-release-macos-x86_64, r-release-windows-x86_64, r-oldrel-macos-arm64, r-oldrel-macos-x86_64, r-oldrel-windows-x86_64